CRAN Package Check Results for Package fastdigest

Last updated on 2021-06-20 09:49:48 CEST.

Flavor Version Tinstall Tcheck Ttotal Status Flags
r-devel-linux-x86_64-debian-clang 0.6-3 3.28 20.84 24.12 OK
r-devel-linux-x86_64-debian-gcc 0.6-3 2.08 16.76 18.84 OK
r-devel-linux-x86_64-fedora-clang 0.6-3 38.56 NOTE
r-devel-linux-x86_64-fedora-gcc 0.6-3 28.12 NOTE
r-devel-windows-x86_64 0.6-3 5.00 35.00 40.00 OK
r-devel-windows-x86_64-gcc10-UCRT 0.6-3 OK
r-patched-linux-x86_64 0.6-3 2.63 20.23 22.86 OK
r-patched-solaris-x86 0.6-3 47.70 OK
r-release-linux-x86_64 0.6-3 2.44 20.52 22.96 OK
r-release-macos-arm64 0.6-3 OK
r-release-macos-x86_64 0.6-3 OK
r-release-windows-ix86+x86_64 0.6-3 8.00 32.00 40.00 OK
r-oldrel-macos-x86_64 0.6-3 OK
r-oldrel-windows-ix86+x86_64 0.6-3 10.00 35.00 45.00 OK

Check Details

Version: 0.6-3
Check: compiled code
Result: NOTE
    File ‘fastdigest/libs/fastdigest.so’:
     Found no call to: ‘R_useDynamicSymbols’
    
    It is good practice to register native routines and to disable symbol
    search.
    
    See ‘Writing portable packages’ in the ‘Writing R Extensions’ manual.
Flavors: r-devel-linux-x86_64-fedora-clang, r-devel-linux-x86_64-fedora-gcc