CRAN Package Check Results for Package fUnitRoots

Last updated on 2021-06-22 09:51:36 CEST.

Flavor Version Tinstall Tcheck Ttotal Status Flags
r-devel-linux-x86_64-debian-clang 3042.79 7.88 58.77 66.65 NOTE
r-devel-linux-x86_64-debian-gcc 3042.79 5.56 44.50 50.06 NOTE
r-devel-linux-x86_64-fedora-clang 3042.79 85.20 NOTE
r-devel-linux-x86_64-fedora-gcc 3042.79 71.78 NOTE
r-devel-windows-x86_64 3042.79 11.00 66.00 77.00 NOTE
r-devel-windows-x86_64-gcc10-UCRT 3042.79 NOTE
r-patched-linux-x86_64 3042.79 7.25 56.39 63.64 NOTE
r-patched-solaris-x86 3042.79 103.10 NOTE
r-release-linux-x86_64 3042.79 7.30 56.64 63.94 NOTE
r-release-macos-arm64 3042.79 NOTE
r-release-macos-x86_64 3042.79 NOTE
r-release-windows-ix86+x86_64 3042.79 17.00 114.00 131.00 NOTE
r-oldrel-macos-x86_64 3042.79 OK

Check Details

Version: 3042.79
Check: LazyData
Result: NOTE
     'LazyData' is specified without a 'data' directory
Flavors: r-devel-linux-x86_64-debian-clang, r-devel-linux-x86_64-debian-gcc, r-devel-linux-x86_64-fedora-clang, r-devel-linux-x86_64-fedora-gcc, r-devel-windows-x86_64, r-devel-windows-x86_64-gcc10-UCRT, r-patched-linux-x86_64, r-patched-solaris-x86, r-release-linux-x86_64, r-release-macos-arm64, r-release-macos-x86_64, r-release-windows-ix86+x86_64

Version: 3042.79
Check: compiled code
Result: NOTE
    File ‘fUnitRoots/libs/fUnitRoots.so’:
     Found no calls to: ‘R_registerRoutines’, ‘R_useDynamicSymbols’
    
    It is good practice to register native routines and to disable symbol
    search.
    
    See ‘Writing portable packages’ in the ‘Writing R Extensions’ manual.
Flavors: r-devel-linux-x86_64-fedora-clang, r-devel-linux-x86_64-fedora-gcc