CRAN Package Check Results for Package fRegression

Last updated on 2021-04-15 09:49:59 CEST.

Flavor Version Tinstall Tcheck Ttotal Status Flags
r-devel-linux-x86_64-debian-clang 3042.82 7.58 64.93 72.51 NOTE
r-devel-linux-x86_64-debian-gcc 3042.82 6.59 50.27 56.86 NOTE
r-devel-linux-x86_64-fedora-clang 3042.82 94.48 NOTE
r-devel-linux-x86_64-fedora-gcc 3042.82 84.09 NOTE
r-devel-windows-ix86+x86_64 3042.82 18.00 88.00 106.00 NOTE
r-devel-windows-x86_64-gcc10-UCRT 3042.82 NOTE
r-patched-linux-x86_64 3042.82 7.59 61.89 69.48 OK
r-patched-solaris-x86 3042.82 123.90 OK
r-release-linux-x86_64 3042.82 8.35 60.90 69.25 OK
r-release-macos-x86_64 3042.82 OK
r-release-windows-ix86+x86_64 3042.82 20.00 89.00 109.00 OK
r-oldrel-macos-x86_64 3042.82 OK
r-oldrel-windows-ix86+x86_64 3042.82 13.00 60.00 73.00 OK

Check Details

Version: 3042.82
Check: LazyData
Result: NOTE
     'LazyData' is specified without a 'data' directory
Flavors: r-devel-linux-x86_64-debian-clang, r-devel-linux-x86_64-debian-gcc, r-devel-linux-x86_64-fedora-clang, r-devel-linux-x86_64-fedora-gcc, r-devel-windows-ix86+x86_64, r-devel-windows-x86_64-gcc10-UCRT