CRAN Package Check Results for Package fDMA

Last updated on 2020-03-30 20:48:27 CEST.

Flavor Version Tinstall Tcheck Ttotal Status Flags
r-devel-linux-x86_64-debian-clang 2.2.4 43.16 112.44 155.60 NOTE
r-devel-linux-x86_64-debian-gcc 2.2.4 29.93 83.60 113.53 NOTE
r-devel-linux-x86_64-fedora-clang 2.2.4 189.55 NOTE
r-devel-linux-x86_64-fedora-gcc 2.2.4 181.64 NOTE
r-devel-windows-ix86+x86_64 2.2.4 78.00 170.00 248.00 NOTE
r-devel-windows-ix86+x86_64-gcc8 2.2.4 85.00 161.00 246.00 NOTE
r-patched-linux-x86_64 2.2.4 35.16 108.79 143.95 NOTE
r-patched-solaris-x86 2.2.4 230.70 NOTE
r-release-linux-x86_64 2.2.4 35.32 96.92 132.24 NOTE
r-release-windows-ix86+x86_64 2.2.4 138.00 224.00 362.00 NOTE
r-release-osx-x86_64 2.2.4 NOTE
r-oldrel-windows-ix86+x86_64 2.2.4 102.00 222.00 324.00 OK
r-oldrel-osx-x86_64 2.2.4 OK

Check Details

Version: 2.2.4
Check: line endings in C/C++/Fortran sources/headers
Result: NOTE
    Found the following sources/headers with CR or CRLF line endings:
     inst/include/fDMA.h
    Some Unix compilers require LF line endings.
Flavors: r-devel-linux-x86_64-debian-clang, r-devel-linux-x86_64-debian-gcc, r-devel-linux-x86_64-fedora-clang, r-devel-linux-x86_64-fedora-gcc, r-devel-windows-ix86+x86_64, r-devel-windows-ix86+x86_64-gcc8, r-patched-linux-x86_64, r-patched-solaris-x86, r-release-linux-x86_64, r-release-windows-ix86+x86_64, r-release-osx-x86_64