CRAN Package Check Results for Package fBasics

Last updated on 2021-04-15 09:49:58 CEST.

Flavor Version Tinstall Tcheck Ttotal Status Flags
r-devel-linux-x86_64-debian-clang 3042.89.1 67.85 171.66 239.51 OK
r-devel-linux-x86_64-debian-gcc 3042.89.1 63.87 131.44 195.31 OK
r-devel-linux-x86_64-fedora-clang 3042.89.1 306.84 NOTE
r-devel-linux-x86_64-fedora-gcc 3042.89.1 275.62 NOTE
r-devel-windows-ix86+x86_64 3042.89.1 116.00 244.00 360.00 OK
r-devel-windows-x86_64-gcc10-UCRT 3042.89.1 OK
r-patched-linux-x86_64 3042.89.1 71.70 160.86 232.56 OK
r-patched-solaris-x86 3042.89.1 433.50 OK
r-release-linux-x86_64 3042.89.1 67.32 160.18 227.50 OK
r-release-macos-x86_64 3042.89.1 OK
r-release-windows-ix86+x86_64 3042.89.1 95.00 248.00 343.00 OK
r-oldrel-macos-x86_64 3042.89.1 NOTE
r-oldrel-windows-ix86+x86_64 3042.89.1 108.00 168.00 276.00 OK

Check Details

Version: 3042.89.1
Check: compiled code
Result: NOTE
    File ‘fBasics/libs/fBasics.so’:
     Found no calls to: ‘R_registerRoutines’, ‘R_useDynamicSymbols’
    
    It is good practice to register native routines and to disable symbol
    search.
    
    See ‘Writing portable packages’ in the ‘Writing R Extensions’ manual.
Flavors: r-devel-linux-x86_64-fedora-clang, r-devel-linux-x86_64-fedora-gcc

Version: 3042.89.1
Check: dependencies in R code
Result: NOTE
    No protocol specified
    No protocol specified
Flavor: r-oldrel-macos-x86_64