CRAN Package Check Results for Package ezmmek

Last updated on 2021-04-15 09:49:58 CEST.

Flavor Version Tinstall Tcheck Ttotal Status Flags
r-devel-linux-x86_64-debian-clang 0.2.4 2.78 38.61 41.39 NOTE
r-devel-linux-x86_64-debian-gcc 0.2.4 1.83 30.14 31.97 NOTE
r-devel-linux-x86_64-fedora-clang 0.2.4 61.31 NOTE
r-devel-linux-x86_64-fedora-gcc 0.2.4 49.57 NOTE
r-devel-windows-ix86+x86_64 0.2.4 6.00 59.00 65.00 NOTE
r-devel-windows-x86_64-gcc10-UCRT 0.2.4 NOTE
r-patched-linux-x86_64 0.2.4 2.66 37.62 40.28 OK
r-patched-solaris-x86 0.2.4 71.50 OK
r-release-linux-x86_64 0.2.4 2.48 37.21 39.69 OK
r-release-macos-x86_64 0.2.4 OK
r-release-windows-ix86+x86_64 0.2.4 6.00 60.00 66.00 OK
r-oldrel-macos-x86_64 0.2.4 OK
r-oldrel-windows-ix86+x86_64 0.2.4 4.00 47.00 51.00 OK

Check Details

Version: 0.2.4
Check: LazyData
Result: NOTE
     'LazyData' is specified without a 'data' directory
Flavors: r-devel-linux-x86_64-debian-clang, r-devel-linux-x86_64-debian-gcc, r-devel-linux-x86_64-fedora-clang, r-devel-linux-x86_64-fedora-gcc, r-devel-windows-ix86+x86_64, r-devel-windows-x86_64-gcc10-UCRT