CRAN Package Check Results for Package ezEDA

Last updated on 2021-04-15 09:49:58 CEST.

Flavor Version Tinstall Tcheck Ttotal Status Flags
r-devel-linux-x86_64-debian-clang 0.1.0 5.71 112.81 118.52 NOTE
r-devel-linux-x86_64-debian-gcc 0.1.0 5.10 81.70 86.80 NOTE
r-devel-linux-x86_64-fedora-clang 0.1.0 147.61 NOTE
r-devel-linux-x86_64-fedora-gcc 0.1.0 134.45 NOTE
r-devel-windows-ix86+x86_64 0.1.0 15.00 135.00 150.00 NOTE
r-devel-windows-x86_64-gcc10-UCRT 0.1.0 NOTE
r-patched-linux-x86_64 0.1.0 6.47 102.76 109.23 OK
r-patched-solaris-x86 0.1.0 187.40 OK
r-release-linux-x86_64 0.1.0 5.52 103.16 108.68 OK
r-release-macos-x86_64 0.1.0 OK
r-release-windows-ix86+x86_64 0.1.0 15.00 141.00 156.00 OK
r-oldrel-macos-x86_64 0.1.0 OK
r-oldrel-windows-ix86+x86_64 0.1.0 7.00 102.00 109.00 OK

Check Details

Version: 0.1.0
Check: LazyData
Result: NOTE
     'LazyData' is specified without a 'data' directory
Flavors: r-devel-linux-x86_64-debian-clang, r-devel-linux-x86_64-debian-gcc, r-devel-linux-x86_64-fedora-clang, r-devel-linux-x86_64-fedora-gcc, r-devel-windows-ix86+x86_64, r-devel-windows-x86_64-gcc10-UCRT