CRAN Package Check Results for Package exceedProb

Last updated on 2021-04-15 09:49:58 CEST.

Flavor Version Tinstall Tcheck Ttotal Status Flags
r-devel-linux-x86_64-debian-clang 0.0.1 34.44 25.63 60.07 NOTE
r-devel-linux-x86_64-debian-gcc 0.0.1 20.51 20.46 40.97 NOTE
r-devel-linux-x86_64-fedora-clang 0.0.1 89.33 NOTE
r-devel-linux-x86_64-fedora-gcc 0.0.1 72.18 NOTE
r-devel-windows-ix86+x86_64 0.0.1 76.00 66.00 142.00 NOTE
r-devel-windows-x86_64-gcc10-UCRT 0.0.1 NOTE
r-patched-linux-x86_64 0.0.1 23.77 24.83 48.60 OK
r-patched-solaris-x86 0.0.1 81.30 OK
r-release-linux-x86_64 0.0.1 23.70 24.87 48.57 OK
r-release-macos-x86_64 0.0.1 OK
r-release-windows-ix86+x86_64 0.0.1 66.00 67.00 133.00 OK
r-oldrel-macos-x86_64 0.0.1 OK
r-oldrel-windows-ix86+x86_64 0.0.1 70.00 45.00 115.00 OK

Check Details

Version: 0.0.1
Check: LazyData
Result: NOTE
     'LazyData' is specified without a 'data' directory
Flavors: r-devel-linux-x86_64-debian-clang, r-devel-linux-x86_64-debian-gcc, r-devel-linux-x86_64-fedora-clang, r-devel-linux-x86_64-fedora-gcc, r-devel-windows-ix86+x86_64, r-devel-windows-x86_64-gcc10-UCRT