CRAN Package Check Results for Package evgam

Last updated on 2021-06-20 09:49:48 CEST.

Flavor Version Tinstall Tcheck Ttotal Status Flags
r-devel-linux-x86_64-debian-clang 0.1.4 232.43 62.24 294.67 OK
r-devel-linux-x86_64-debian-gcc 0.1.4 153.78 48.17 201.95 OK
r-devel-linux-x86_64-fedora-clang 0.1.4 412.11 NOTE
r-devel-linux-x86_64-fedora-gcc 0.1.4 369.18 OK
r-devel-windows-x86_64 0.1.4 283.00 84.00 367.00 OK
r-devel-windows-x86_64-gcc10-UCRT 0.1.4 OK
r-patched-linux-x86_64 0.1.4 182.75 60.60 243.35 OK
r-patched-solaris-x86 0.1.4 313.90 OK
r-release-linux-x86_64 0.1.4 175.46 61.25 236.71 OK
r-release-macos-arm64 0.1.4 NOTE
r-release-macos-x86_64 0.1.4 NOTE
r-release-windows-ix86+x86_64 0.1.4 522.00 85.00 607.00 OK
r-oldrel-macos-x86_64 0.1.4 NOTE
r-oldrel-windows-ix86+x86_64 0.1.4 389.00 112.00 501.00 OK

Check Details

Version: 0.1.4
Check: installed package size
Result: NOTE
     installed size is 7.0Mb
     sub-directories of 1Mb or more:
     libs 6.1Mb
Flavors: r-devel-linux-x86_64-fedora-clang, r-release-macos-arm64, r-release-macos-x86_64, r-oldrel-macos-x86_64