CRAN Package Check Results for Package eshrink

Last updated on 2021-04-15 09:49:58 CEST.

Flavor Version Tinstall Tcheck Ttotal Status Flags
r-devel-linux-x86_64-debian-clang 0.1.2 7.33 62.23 69.56 NOTE
r-devel-linux-x86_64-debian-gcc 0.1.2 6.14 49.16 55.30 NOTE
r-devel-linux-x86_64-fedora-clang 0.1.2 94.82 NOTE
r-devel-linux-x86_64-fedora-gcc 0.1.2 84.37 NOTE
r-devel-windows-ix86+x86_64 0.1.2 16.00 82.00 98.00 NOTE
r-devel-windows-x86_64-gcc10-UCRT 0.1.2 NOTE
r-patched-linux-x86_64 0.1.2 7.65 58.64 66.29 OK
r-patched-solaris-x86 0.1.2 126.00 OK
r-release-linux-x86_64 0.1.2 7.14 59.07 66.21 OK
r-release-macos-x86_64 0.1.2 OK
r-release-windows-ix86+x86_64 0.1.2 16.00 82.00 98.00 OK
r-oldrel-macos-x86_64 0.1.2 OK
r-oldrel-windows-ix86+x86_64 0.1.2 15.00 56.00 71.00 OK

Check Details

Version: 0.1.2
Check: LazyData
Result: NOTE
     'LazyData' is specified without a 'data' directory
Flavors: r-devel-linux-x86_64-debian-clang, r-devel-linux-x86_64-debian-gcc, r-devel-linux-x86_64-fedora-clang, r-devel-linux-x86_64-fedora-gcc, r-devel-windows-ix86+x86_64, r-devel-windows-x86_64-gcc10-UCRT