CRAN Package Check Results for Package eseis

Last updated on 2020-07-06 21:50:16 CEST.

Flavor Version Tinstall Tcheck Ttotal Status Flags
r-devel-linux-x86_64-debian-clang 0.5.0 38.40 143.46 181.86 OK
r-devel-linux-x86_64-debian-gcc 0.5.0 27.69 111.25 138.94 OK
r-devel-linux-x86_64-fedora-clang 0.5.0 308.23 OK
r-devel-linux-x86_64-fedora-gcc 0.5.0 291.97 OK
r-devel-windows-ix86+x86_64 0.5.0 107.00 355.00 462.00 OK
r-patched-linux-x86_64 0.5.0 29.98 143.58 173.56 OK
r-patched-solaris-x86 0.5.0 277.70 OK
r-release-linux-x86_64 0.5.0 30.05 142.20 172.25 OK
r-release-osx-x86_64 0.5.0 OK
r-release-windows-ix86+x86_64 0.5.0 75.00 241.00 316.00 OK
r-oldrel-osx-x86_64 0.5.0 NOTE
r-oldrel-windows-ix86+x86_64 0.5.0 94.00 333.00 427.00 OK

Check Details

Version: 0.5.0
Check: dependencies in R code
Result: NOTE
    No protocol specified
Flavor: r-oldrel-osx-x86_64