CRAN Package Check Results for Package epitools

Last updated on 2020-03-30 20:48:27 CEST.

Flavor Version Tinstall Tcheck Ttotal Status Flags
r-devel-linux-x86_64-debian-clang 0.5-10.1 8.60 43.06 51.66 OK
r-devel-linux-x86_64-debian-gcc 0.5-10.1 6.61 33.54 40.15 OK
r-devel-linux-x86_64-fedora-clang 0.5-10.1 60.46 OK
r-devel-linux-x86_64-fedora-gcc 0.5-10.1 58.15 OK
r-devel-windows-ix86+x86_64 0.5-10 11.00 73.00 84.00 WARN
r-devel-windows-ix86+x86_64-gcc8 0.5-10.1 11.00 49.00 60.00 OK
r-patched-linux-x86_64 0.5-10.1 8.33 41.97 50.30 OK
r-patched-solaris-x86 0.5-10.1 80.00 OK
r-release-linux-x86_64 0.5-10.1 7.62 38.96 46.58 OK
r-release-windows-ix86+x86_64 0.5-10.1 21.00 51.00 72.00 OK
r-release-osx-x86_64 0.5-10.1 OK
r-oldrel-windows-ix86+x86_64 0.5-10.1 9.00 51.00 60.00 OK
r-oldrel-osx-x86_64 0.5-10.1 OK

Check Details

Version: 0.5-10
Check: Rd \usage sections
Result: WARN
    Documented arguments not in \usage in documentation object 'oddsratio':
     '...'
    
    Functions with \usage entries need to have the appropriate \alias
    entries, and all their arguments documented.
    The \usage entries must correspond to syntactically valid R code.
    See chapter 'Writing R documentation files' in the 'Writing R
    Extensions' manual.
Flavor: r-devel-windows-ix86+x86_64