CRAN Package Check Results for Package enviGCMS

Last updated on 2020-02-21 17:47:45 CET.

Flavor Version Tinstall Tcheck Ttotal Status Flags
r-devel-linux-x86_64-debian-clang 0.6.0 6.35 78.53 84.88 OK
r-devel-linux-x86_64-debian-gcc 0.6.0 5.68 60.47 66.15 OK
r-devel-linux-x86_64-fedora-clang 0.6.0 91.58 NOTE
r-devel-linux-x86_64-fedora-gcc 0.6.0 89.46 NOTE
r-devel-windows-ix86+x86_64 0.6.0 17.00 121.00 138.00 OK
r-devel-windows-ix86+x86_64-gcc8 0.6.0 27.00 187.00 214.00 NOTE
r-patched-linux-x86_64 0.6.0 4.24 65.65 69.89 OK
r-release-linux-x86_64 0.6.0 6.26 66.03 72.29 OK
r-release-windows-ix86+x86_64 0.6.0 13.00 131.00 144.00 OK
r-release-osx-x86_64 0.6.0 NOTE
r-oldrel-windows-ix86+x86_64 0.6.0 9.00 64.00 73.00 ERROR
r-oldrel-osx-x86_64 0.6.0 ERROR

Check Details

Version: 0.6.0
Check: package dependencies
Result: NOTE
    Packages suggested but not available for checking: 'xcms', 'MSnbase'
Flavors: r-devel-linux-x86_64-fedora-clang, r-devel-linux-x86_64-fedora-gcc, r-devel-windows-ix86+x86_64-gcc8

Version: 0.6.0
Check: dependencies in R code
Result: NOTE
    Namespaces in Imports field not imported from:
     ‘DT’ ‘broom’ ‘crosstalk’ ‘dplyr’ ‘ggraph’ ‘igraph’ ‘plotly’
     ‘rmarkdown’ ‘shinythemes’
     All declared Imports should be used.
Flavors: r-devel-linux-x86_64-fedora-clang, r-devel-linux-x86_64-fedora-gcc, r-release-osx-x86_64, r-oldrel-osx-x86_64

Version: 0.6.0
Check: examples
Result: ERROR
    Running examples in 'enviGCMS-Ex.R' failed
    The error most likely occurred in:
    
    > ### Name: Getisotopologues
    > ### Title: Get the selected isotopologues at certain MS data
    > ### Aliases: Getisotopologues
    >
    > ### ** Examples
    >
    > # show isotopologues for BDE-47
    > Getisotopologues(formula = 'C12OH6Br4')
    Error in Rdisop::getMolecule(formula, z = charge) :
     function 'dataptr' not provided by package 'Rcpp'
    Calls: Getisotopologues -> <Anonymous>
    Execution halted
Flavors: r-oldrel-windows-ix86+x86_64, r-oldrel-osx-x86_64

Version: 0.6.0
Check: package dependencies
Result: NOTE
    Packages suggested but not available for checking: ‘xcms’ ‘MSnbase’
Flavor: r-oldrel-osx-x86_64