CRAN Package Check Results for Package emstreeR

Last updated on 2021-04-15 09:49:58 CEST.

Flavor Version Tinstall Tcheck Ttotal Status Flags
r-devel-linux-x86_64-debian-clang 2.2.2 46.12 34.59 80.71 OK
r-devel-linux-x86_64-debian-gcc 2.2.2 29.99 27.16 57.15 OK
r-devel-linux-x86_64-fedora-clang 2.2.2 116.98 NOTE
r-devel-linux-x86_64-fedora-gcc 2.2.2 98.59 OK
r-devel-windows-ix86+x86_64 2.2.2 113.00 76.00 189.00 OK
r-devel-windows-x86_64-gcc10-UCRT 2.2.2 OK
r-patched-linux-x86_64 2.2.2 36.85 33.03 69.88 OK
r-patched-solaris-x86 2.2.2 109.00 OK
r-release-linux-x86_64 2.2.2 35.95 33.22 69.17 OK
r-release-macos-x86_64 2.2.2 WARN
r-release-windows-ix86+x86_64 2.2.2 112.00 77.00 189.00 OK
r-oldrel-macos-x86_64 2.2.2 WARN
r-oldrel-windows-ix86+x86_64 2.2.2 90.00 51.00 141.00 OK

Check Details

Version: 2.2.2
Check: installed package size
Result: NOTE
     installed size is 5.6Mb
     sub-directories of 1Mb or more:
     lib 4.0Mb
     libs 1.4Mb
Flavor: r-devel-linux-x86_64-fedora-clang

Version: 2.2.2
Check: whether package can be installed
Result: WARN
    Found the following significant warnings:
     WARNING: shared objects/dynamic libraries with hard-coded temporary installation paths
Flavors: r-release-macos-x86_64, r-oldrel-macos-x86_64