CRAN Package Check Results for Package emdi

Last updated on 2020-02-21 17:47:45 CET.

Flavor Version Tinstall Tcheck Ttotal Status Flags
r-devel-linux-x86_64-debian-clang 1.1.6 14.11 126.30 140.41 ERROR
r-devel-linux-x86_64-debian-gcc 1.1.6 12.59 95.54 108.13 OK
r-devel-linux-x86_64-fedora-clang 1.1.6 171.62 NOTE
r-devel-linux-x86_64-fedora-gcc 1.1.6 169.45 NOTE
r-devel-windows-ix86+x86_64 1.1.6 28.00 125.00 153.00 OK
r-devel-windows-ix86+x86_64-gcc8 1.1.6 46.00 192.00 238.00 OK
r-patched-linux-x86_64 1.1.6 14.99 110.08 125.07 OK
r-patched-solaris-x86 1.1.6 214.40 NOTE
r-release-linux-x86_64 1.1.6 14.35 109.90 124.25 OK
r-release-windows-ix86+x86_64 1.1.6 30.00 128.00 158.00 OK
r-release-osx-x86_64 1.1.6 NOTE
r-oldrel-windows-ix86+x86_64 1.1.6 20.00 131.00 151.00 OK
r-oldrel-osx-x86_64 1.1.6 NOTE

Check Details

Version: 1.1.6
Check: tests
Result: ERROR
     Running 'testthat.R' [15s/16s]
    Running the tests in 'tests/testthat.R' failed.
    Complete output:
     > library(testthat)
     > library(emdi)
     >
     > test_check("emdi")
     -- 1. Failure: Does the direct estimation in emdi return the point and variance
     `arpr_all` not equal to direct_all_naive$ind[, c("Domain", "Head_Count")].
     Component "Domain": Modes: character, numeric
     Component "Domain": Attributes: < target is NULL, current is list >
     Component "Domain": target is character, current is factor
    
     -- 2. Failure: Does the direct estimation in emdi return the point and variance
     `arpr_all_naive` not equal to direct_all_naive$MSE[, c("Domain", "Head_Count")].
     Component "Domain": Modes: character, numeric
     Component "Domain": Attributes: < target is NULL, current is list >
     Component "Domain": target is character, current is factor
    
     -- 3. Failure: Does the direct estimation in emdi return the point and variance
     `gini_all` not equal to direct_all_naive$ind[, c("Domain", "Gini")].
     Component "Domain": Modes: character, numeric
     Component "Domain": Attributes: < target is NULL, current is list >
     Component "Domain": target is character, current is factor
    
     -- 4. Failure: Does the direct estimation in emdi return the point and variance
     `gini_all_naive` not equal to direct_all_naive$MSE[, c("Domain", "Gini")].
     Component "Domain": Modes: character, numeric
     Component "Domain": Attributes: < target is NULL, current is list >
     Component "Domain": target is character, current is factor
    
     -- 5. Failure: Does the direct estimation in emdi return the point and variance
     `qsr_all_naive` not equal to direct_all_naive$MSE[, c("Domain", "Quintile_Share")].
     Component "Domain": Modes: character, numeric
     Component "Domain": Attributes: < target is NULL, current is list >
     Component "Domain": target is character, current is factor
    
     -- 6. Failure: Does the direct estimation in emdi return the point and variance
     `gini_all_cali` not equal to direct_all_cali$MSE[, c("Domain", "Gini")].
     Component "Domain": Modes: character, numeric
     Component "Domain": Attributes: < target is NULL, current is list >
     Component "Domain": target is character, current is factor
    
     -- 7. Failure: Does the direct estimation in emdi return the point and variance
     `qsr_all_cali` not equal to direct_all_cali$MSE[, c("Domain", "Quintile_Share")].
     Component "Domain": Modes: character, numeric
     Component "Domain": Attributes: < target is NULL, current is list >
     Component "Domain": target is character, current is factor
    
     == testthat results ===========================================================
     [ OK: 19 | SKIPPED: 0 | WARNINGS: 0 | FAILED: 7 ]
     1. Failure: Does the direct estimation in emdi return the point and variance
     estimates when a naive bootstrap is used? (@test_direct_estimation.R#35)
     2. Failure: Does the direct estimation in emdi return the point and variance
     estimates when a naive bootstrap is used? (@test_direct_estimation.R#37)
     3. Failure: Does the direct estimation in emdi return the point and variance
     estimates when a naive bootstrap is used? (@test_direct_estimation.R#48)
     4. Failure: Does the direct estimation in emdi return the point and variance
     estimates when a naive bootstrap is used? (@test_direct_estimation.R#50)
     5. Failure: Does the direct estimation in emdi return the point and variance
     estimates when a naive bootstrap is used? (@test_direct_estimation.R#64)
     6. Failure: Does the direct estimation in emdi return the point and variance
     estimates when a calibrated bootstrap is used? (@test_direct_estimation.R#95)
     7. Failure: Does the direct estimation in emdi return the point and variance
     estimates when a calibrated bootstrap is used? (@test_direct_estimation.R#107)
    
     Error: testthat unit tests failed
     Execution halted
Flavor: r-devel-linux-x86_64-debian-clang

Version: 1.1.6
Check: dependencies in R code
Result: NOTE
    Namespaces in Imports field not imported from:
     ‘graphics’ ‘maptools’ ‘rgeos’
     All declared Imports should be used.
Flavors: r-devel-linux-x86_64-fedora-clang, r-devel-linux-x86_64-fedora-gcc, r-patched-solaris-x86, r-release-osx-x86_64, r-oldrel-osx-x86_64

Version: 1.1.6
Check: data for non-ASCII characters
Result: NOTE
     Note: found 24 marked Latin-1 strings
Flavors: r-devel-linux-x86_64-fedora-clang, r-devel-linux-x86_64-fedora-gcc, r-patched-solaris-x86, r-release-osx-x86_64, r-oldrel-osx-x86_64