CRAN Package Check Results for Package emdi

Last updated on 2021-04-15 09:49:57 CEST.

Flavor Version Tinstall Tcheck Ttotal Status Flags
r-devel-linux-x86_64-debian-clang 2.0.2 30.63 259.28 289.91 OK
r-devel-linux-x86_64-debian-gcc 2.0.2 25.41 195.90 221.31 OK
r-devel-linux-x86_64-fedora-clang 2.0.2 351.45 NOTE
r-devel-linux-x86_64-fedora-gcc 2.0.2 341.82 NOTE
r-devel-windows-ix86+x86_64 2.0.2 65.00 276.00 341.00 OK
r-devel-windows-x86_64-gcc10-UCRT 2.0.2 NOTE
r-patched-linux-x86_64 2.0.2 29.12 239.15 268.27 OK
r-patched-solaris-x86 2.0.2 484.90 NOTE
r-release-linux-x86_64 2.0.2 29.13 237.99 267.12 OK
r-release-macos-x86_64 2.0.2 NOTE
r-release-windows-ix86+x86_64 2.0.2 64.00 286.00 350.00 OK
r-oldrel-macos-x86_64 2.0.2 NOTE
r-oldrel-windows-ix86+x86_64 2.0.2 37.00 229.00 266.00 OK

Additional issues

ATLAS

Check Details

Version: 2.0.2
Check: data for non-ASCII characters
Result: NOTE
     Note: found 50 marked Latin-1 strings
Flavors: r-devel-linux-x86_64-fedora-clang, r-devel-linux-x86_64-fedora-gcc, r-devel-windows-x86_64-gcc10-UCRT, r-patched-solaris-x86, r-release-macos-x86_64, r-oldrel-macos-x86_64