CRAN Package Check Results for Package embryogrowth

Last updated on 2020-04-09 14:51:19 CEST.

Flavor Version Tinstall Tcheck Ttotal Status Flags
r-devel-linux-x86_64-debian-clang 7.6 17.96 102.13 120.09 OK
r-devel-linux-x86_64-debian-gcc 7.6 15.95 81.50 97.45 OK
r-devel-linux-x86_64-fedora-clang 7.6 144.02 NOTE
r-devel-linux-x86_64-fedora-gcc 7.6 156.44 NOTE
r-devel-windows-ix86+x86_64 7.6 30.00 172.00 202.00 OK
r-devel-windows-ix86+x86_64-gcc8 7.6 31.00 116.00 147.00 OK
r-patched-linux-x86_64 7.6 18.30 100.26 118.56 OK
r-patched-osx-x86_64 7.6 NOTE
r-patched-solaris-x86 7.6 205.20 NOTE
r-release-linux-x86_64 7.6 14.89 91.21 106.10 OK
r-release-windows-ix86+x86_64 7.6 30.00 127.00 157.00 OK
r-release-osx-x86_64 7.6 NOTE
r-oldrel-windows-ix86+x86_64 7.6 26.00 134.00 160.00 OK
r-oldrel-osx-x86_64 7.6 NOTE

Check Details

Version: 7.6
Check: data for non-ASCII characters
Result: NOTE
     Note: found 5 marked UTF-8 strings
Flavors: r-devel-linux-x86_64-fedora-clang, r-devel-linux-x86_64-fedora-gcc, r-patched-osx-x86_64, r-patched-solaris-x86, r-release-osx-x86_64, r-oldrel-osx-x86_64