CRAN Package Check Results for Package elhmc

Last updated on 2021-04-15 09:49:57 CEST.

Flavor Version Tinstall Tcheck Ttotal Status Flags
r-devel-linux-x86_64-debian-clang 1.1.0 2.48 30.65 33.13 NOTE
r-devel-linux-x86_64-debian-gcc 1.1.0 1.94 24.03 25.97 NOTE
r-devel-linux-x86_64-fedora-clang 1.1.0 50.16 NOTE
r-devel-linux-x86_64-fedora-gcc 1.1.0 39.50 NOTE
r-devel-windows-ix86+x86_64 1.1.0 7.00 46.00 53.00 NOTE
r-devel-windows-x86_64-gcc10-UCRT 1.1.0 NOTE
r-patched-linux-x86_64 1.1.0 2.62 29.51 32.13 OK
r-patched-solaris-x86 1.1.0 61.90 OK
r-release-linux-x86_64 1.1.0 2.67 29.50 32.17 OK
r-release-macos-x86_64 1.1.0 OK
r-release-windows-ix86+x86_64 1.1.0 22.00 51.00 73.00 OK
r-oldrel-macos-x86_64 1.1.0 OK
r-oldrel-windows-ix86+x86_64 1.1.0 6.00 33.00 39.00 OK

Check Details

Version: 1.1.0
Check: LazyData
Result: NOTE
     'LazyData' is specified without a 'data' directory
Flavors: r-devel-linux-x86_64-debian-clang, r-devel-linux-x86_64-debian-gcc, r-devel-linux-x86_64-fedora-clang, r-devel-linux-x86_64-fedora-gcc, r-devel-windows-ix86+x86_64, r-devel-windows-x86_64-gcc10-UCRT