CRAN Package Check Results for Package elevatr

Last updated on 2020-04-09 14:51:19 CEST.

Flavor Version Tinstall Tcheck Ttotal Status Flags
r-devel-linux-x86_64-debian-clang 0.2.0 2.81 33.60 36.41 OK
r-devel-linux-x86_64-debian-gcc 0.2.0 2.18 27.27 29.45 OK
r-devel-linux-x86_64-fedora-clang 0.2.0 46.08 OK
r-devel-linux-x86_64-fedora-gcc 0.2.0 45.48 OK
r-devel-windows-ix86+x86_64 0.2.0 9.00 79.00 88.00 OK
r-devel-windows-ix86+x86_64-gcc8 0.2.0 7.00 49.00 56.00 OK
r-patched-linux-x86_64 0.2.0 2.55 32.82 35.37 OK
r-patched-osx-x86_64 0.2.0 WARN
r-patched-solaris-x86 0.2.0 67.90 OK
r-release-linux-x86_64 0.2.0 1.92 30.32 32.24 OK
r-release-windows-ix86+x86_64 0.2.0 6.00 56.00 62.00 OK
r-release-osx-x86_64 0.2.0 OK
r-oldrel-windows-ix86+x86_64 0.2.0 5.00 72.00 77.00 OK
r-oldrel-osx-x86_64 0.2.0 OK

Check Details

Version: 0.2.0
Check: re-building of vignette outputs
Result: WARN
    Error(s) in re-building vignettes:
     ...
    --- re-building ‘introduction_to_elevatr.Rmd’ using rmarkdown
    dyld: lazy symbol binding failed: Symbol not found: ____chkstk_darwin
     Referenced from: /usr/local/bin/pandoc (which was built for Mac OS X 10.15)
     Expected in: /usr/lib/libSystem.B.dylib
    
    dyld: Symbol not found: ____chkstk_darwin
     Referenced from: /usr/local/bin/pandoc (which was built for Mac OS X 10.15)
     Expected in: /usr/lib/libSystem.B.dylib
    
    Error: processing vignette 'introduction_to_elevatr.Rmd' failed with diagnostics:
    pandoc document conversion failed with error 6
    --- failed re-building ‘introduction_to_elevatr.Rmd’
    
    SUMMARY: processing the following file failed:
     ‘introduction_to_elevatr.Rmd’
    
    Error: Vignette re-building failed.
    Execution halted
Flavor: r-patched-osx-x86_64