CRAN Package Check Results for Package electionsBR

Last updated on 2020-02-21 17:47:45 CET.

Flavor Version Tinstall Tcheck Ttotal Status Flags
r-devel-linux-x86_64-debian-clang 0.3.1 4.42 39.64 44.06 OK
r-devel-linux-x86_64-debian-gcc 0.3.1 3.64 30.31 33.95 OK
r-devel-linux-x86_64-fedora-clang 0.3.1 55.88 NOTE
r-devel-linux-x86_64-fedora-gcc 0.3.1 53.75 NOTE
r-devel-windows-ix86+x86_64 0.3.1 10.00 53.00 63.00 OK
r-devel-windows-ix86+x86_64-gcc8 0.3.1 16.00 87.00 103.00 OK
r-patched-linux-x86_64 0.3.1 4.63 35.11 39.74 OK
r-patched-solaris-x86 0.3.1 72.40 NOTE
r-release-linux-x86_64 0.3.1 4.39 34.92 39.31 OK
r-release-windows-ix86+x86_64 0.3.1 9.00 54.00 63.00 OK
r-release-osx-x86_64 0.3.1 NOTE
r-oldrel-windows-ix86+x86_64 0.3.1 7.00 67.00 74.00 OK
r-oldrel-osx-x86_64 0.3.1 NOTE

Check Details

Version: 0.3.1
Check: dependencies in R code
Result: NOTE
    Namespace in Imports field not imported from: ‘stats’
     All declared Imports should be used.
Flavors: r-devel-linux-x86_64-fedora-clang, r-devel-linux-x86_64-fedora-gcc, r-patched-solaris-x86, r-release-osx-x86_64, r-oldrel-osx-x86_64