CRAN Package Check Results for Package eia

Last updated on 2021-06-21 09:52:38 CEST.

Flavor Version Tinstall Tcheck Ttotal Status Flags
r-devel-linux-x86_64-debian-clang 0.3.7 3.54 47.07 50.61 NOTE
r-devel-linux-x86_64-debian-gcc 0.3.7 3.19 35.94 39.13 NOTE
r-devel-linux-x86_64-fedora-clang 0.3.7 69.28 NOTE
r-devel-linux-x86_64-fedora-gcc 0.3.7 60.68 NOTE
r-devel-windows-x86_64 0.3.7 7.00 59.00 66.00 NOTE
r-devel-windows-x86_64-gcc10-UCRT 0.3.7 ERROR
r-patched-linux-x86_64 0.3.7 4.56 44.14 48.70 NOTE
r-patched-solaris-x86 0.3.7 85.90 NOTE
r-release-linux-x86_64 0.3.7 4.19 44.34 48.53 NOTE
r-release-macos-arm64 0.3.7 NOTE
r-release-macos-x86_64 0.3.7 NOTE
r-release-windows-ix86+x86_64 0.3.7 9.00 63.00 72.00 NOTE
r-oldrel-macos-x86_64 0.3.7 OK

Check Details

Version: 0.3.7
Check: LazyData
Result: NOTE
     'LazyData' is specified without a 'data' directory
Flavors: r-devel-linux-x86_64-debian-clang, r-devel-linux-x86_64-debian-gcc, r-devel-linux-x86_64-fedora-clang, r-devel-linux-x86_64-fedora-gcc, r-devel-windows-x86_64, r-patched-linux-x86_64, r-patched-solaris-x86, r-release-linux-x86_64, r-release-macos-arm64, r-release-macos-x86_64, r-release-windows-ix86+x86_64

Version: 0.3.7
Check: package dependencies
Result: ERROR
    Package required but not available: 'httr'
    
    Package suggested but not available for checking: 'covr'
    
    See section 'The DESCRIPTION file' in the 'Writing R Extensions'
    manual.
Flavor: r-devel-windows-x86_64-gcc10-UCRT