CRAN Package Check Results for Package eiCompare

Last updated on 2021-10-27 08:56:02 CEST.

Flavor Version Tinstall Tcheck Ttotal Status Flags
r-devel-linux-x86_64-debian-clang 3.0.0 20.26 516.81 537.07 OK
r-devel-linux-x86_64-debian-gcc 3.0.0 16.49 365.04 381.53 OK
r-devel-linux-x86_64-fedora-clang 3.0.0 753.81 OK
r-devel-linux-x86_64-fedora-gcc 3.0.0 611.75 OK
r-devel-windows-x86_64 3.0.0 34.00 632.00 666.00 OK
r-devel-windows-x86_64-gcc10-UCRT 3.0.0 OK
r-patched-linux-x86_64 3.0.0 22.34 447.81 470.15 OK
r-patched-solaris-x86 3.0.0 917.70 NOTE
r-release-linux-x86_64 3.0.0 21.53 525.19 546.72 OK
r-release-macos-arm64 3.0.0 OK
r-release-macos-x86_64 3.0.0 OK
r-release-windows-ix86+x86_64 3.0.0 38.00 571.00 609.00 OK
r-oldrel-macos-x86_64 3.0.0 OK
r-oldrel-windows-ix86+x86_64 3.0.0 51.00 620.00 671.00 OK

Check Details

Version: 3.0.0
Check: installed package size
Result: NOTE
     installed size is 5.4Mb
     sub-directories of 1Mb or more:
     doc 4.2Mb
Flavor: r-patched-solaris-x86