CRAN Package Check Results for Package effectsize

Last updated on 2020-07-06 21:50:16 CEST.

Flavor Version Tinstall Tcheck Ttotal Status Flags
r-devel-linux-x86_64-debian-clang 0.3.1 5.32 87.16 92.48 OK
r-devel-linux-x86_64-debian-gcc 0.3.1 5.35 66.87 72.22 OK
r-devel-linux-x86_64-fedora-clang 0.3.1 120.64 OK
r-devel-linux-x86_64-fedora-gcc 0.3.1 111.87 OK
r-devel-windows-ix86+x86_64 0.3.1 14.00 151.00 165.00 OK
r-patched-linux-x86_64 0.3.1 7.63 86.45 94.08 OK
r-patched-solaris-x86 0.3.1 148.10 OK
r-release-linux-x86_64 0.3.1 6.77 77.46 84.23 NOTE
r-release-osx-x86_64 0.3.1 OK
r-release-windows-ix86+x86_64 0.3.1 11.00 99.00 110.00 OK
r-oldrel-osx-x86_64 0.3.1 OK
r-oldrel-windows-ix86+x86_64 0.3.1 13.00 164.00 177.00 OK

Check Details

Version: 0.3.1
Check: package dependencies
Result: NOTE
    Package suggested but not available for checking: ‘rstanarm’
Flavor: r-release-linux-x86_64