CRAN Package Check Results for Package edgebundleR

Last updated on 2021-06-20 09:49:47 CEST.

Flavor Version Tinstall Tcheck Ttotal Status Flags
r-devel-linux-x86_64-debian-clang 0.1.4 3.36 38.75 42.11 NOTE
r-devel-linux-x86_64-debian-gcc 0.1.4 3.01 30.36 33.37 NOTE
r-devel-linux-x86_64-fedora-clang 0.1.4 60.28 NOTE
r-devel-linux-x86_64-fedora-gcc 0.1.4 49.53 NOTE
r-devel-windows-x86_64 0.1.4 7.00 44.00 51.00 NOTE
r-devel-windows-x86_64-gcc10-UCRT 0.1.4 NOTE
r-patched-linux-x86_64 0.1.4 3.52 38.53 42.05 NOTE
r-patched-solaris-x86 0.1.4 79.10 NOTE
r-release-linux-x86_64 0.1.4 3.72 37.95 41.67 NOTE
r-release-macos-arm64 0.1.4 NOTE
r-release-macos-x86_64 0.1.4 NOTE
r-release-windows-ix86+x86_64 0.1.4 11.00 56.00 67.00 NOTE
r-oldrel-macos-x86_64 0.1.4 OK
r-oldrel-windows-ix86+x86_64 0.1.4 7.00 57.00 64.00 OK

Check Details

Version: 0.1.4
Check: LazyData
Result: NOTE
     'LazyData' is specified without a 'data' directory
Flavors: r-devel-linux-x86_64-debian-clang, r-devel-linux-x86_64-debian-gcc, r-devel-linux-x86_64-fedora-clang, r-devel-linux-x86_64-fedora-gcc, r-devel-windows-x86_64, r-devel-windows-x86_64-gcc10-UCRT, r-patched-linux-x86_64, r-patched-solaris-x86, r-release-linux-x86_64, r-release-macos-arm64, r-release-macos-x86_64, r-release-windows-ix86+x86_64