CRAN Package Check Results for Package edeaR

Last updated on 2021-04-15 09:49:57 CEST.

Flavor Version Tinstall Tcheck Ttotal Status Flags
r-devel-linux-x86_64-debian-clang 0.8.6 16.28 112.95 129.23 NOTE
r-devel-linux-x86_64-debian-gcc 0.8.6 12.26 84.79 97.05 NOTE
r-devel-linux-x86_64-fedora-clang 0.8.6 160.95 NOTE
r-devel-linux-x86_64-fedora-gcc 0.8.6 150.25 NOTE
r-devel-windows-ix86+x86_64 0.8.6 35.00 127.00 162.00 NOTE
r-devel-windows-x86_64-gcc10-UCRT 0.8.6 NOTE
r-patched-linux-x86_64 0.8.6 17.86 104.91 122.77 OK
r-patched-solaris-x86 0.8.6 205.40 OK
r-release-linux-x86_64 0.8.6 16.09 103.82 119.91 OK
r-release-macos-x86_64 0.8.6 OK
r-release-windows-ix86+x86_64 0.8.6 32.00 129.00 161.00 OK
r-oldrel-macos-x86_64 0.8.6 OK
r-oldrel-windows-ix86+x86_64 0.8.6 19.00 92.00 111.00 OK

Check Details

Version: 0.8.6
Check: LazyData
Result: NOTE
     'LazyData' is specified without a 'data' directory
Flavors: r-devel-linux-x86_64-debian-clang, r-devel-linux-x86_64-debian-gcc, r-devel-linux-x86_64-fedora-clang, r-devel-linux-x86_64-fedora-gcc, r-devel-windows-ix86+x86_64, r-devel-windows-x86_64-gcc10-UCRT

Version: 0.8.6
Check: Rd cross-references
Result: NOTE
    Undeclared package ‘magrittr’ in Rd xrefs
Flavor: r-devel-linux-x86_64-fedora-clang