CRAN Package Check Results for Package econet

Last updated on 2020-07-06 21:50:15 CEST.

Flavor Version Tinstall Tcheck Ttotal Status Flags
r-devel-linux-x86_64-debian-clang 0.1.81 14.36 116.19 130.55 OK
r-devel-linux-x86_64-debian-gcc 0.1.81 12.77 89.71 102.48 OK
r-devel-linux-x86_64-fedora-clang 0.1.81 167.67 NOTE
r-devel-linux-x86_64-fedora-gcc 0.1.81 159.87 NOTE
r-devel-windows-ix86+x86_64 0.1.81 38.00 183.00 221.00 OK
r-patched-linux-x86_64 0.1.81 13.22 115.43 128.65 OK
r-patched-solaris-x86 0.1.81 224.40 NOTE
r-release-linux-x86_64 0.1.81 13.40 113.81 127.21 OK
r-release-osx-x86_64 0.1.81 NOTE
r-release-windows-ix86+x86_64 0.1.81 29.00 129.00 158.00 OK
r-oldrel-osx-x86_64 0.1.81 NOTE
r-oldrel-windows-ix86+x86_64 0.1.81 46.00 162.00 208.00 OK

Check Details

Version: 0.1.81
Check: dependencies in R code
Result: NOTE
    Namespace in Imports field not imported from: ‘tnet’
     All declared Imports should be used.
Flavors: r-devel-linux-x86_64-fedora-clang, r-devel-linux-x86_64-fedora-gcc, r-patched-solaris-x86, r-release-osx-x86_64, r-oldrel-osx-x86_64