CRAN Package Check Results for Package ebirdst

Last updated on 2020-05-28 03:48:26 CEST.

Flavor Version Tinstall Tcheck Ttotal Status Flags
r-devel-linux-x86_64-debian-clang 0.2.1 5.43 276.31 281.74 OK
r-devel-linux-x86_64-debian-gcc 0.2.1 4.33 182.02 186.35 OK
r-devel-linux-x86_64-fedora-clang 0.2.1 281.51 NOTE
r-devel-linux-x86_64-fedora-gcc 0.2.1 260.62 NOTE
r-devel-windows-ix86+x86_64 0.2.1 20.00 327.00 347.00 OK
r-patched-linux-x86_64 0.2.1 5.60 251.80 257.40 OK
r-patched-solaris-x86 0.2.1 354.20 NOTE
r-release-linux-x86_64 0.2.1 5.15 246.56 251.71 OK
r-release-osx-x86_64 0.2.1 NOTE
r-release-windows-ix86+x86_64 0.2.1 13.00 323.00 336.00 ERROR
r-oldrel-osx-x86_64 0.2.1 NOTE
r-oldrel-windows-ix86+x86_64 0.2.1 10.00 258.00 268.00 OK

Check Details

Version: 0.2.1
Check: dependencies in R code
Result: NOTE
    Namespaces in Imports field not imported from:
     ‘methods’ ‘mgcv’ ‘rappdirs’ ‘rgdal’ ‘scales’ ‘tools’
     All declared Imports should be used.
Flavors: r-devel-linux-x86_64-fedora-clang, r-devel-linux-x86_64-fedora-gcc, r-patched-solaris-x86, r-release-osx-x86_64, r-oldrel-osx-x86_64

Version: 0.2.1
Check: examples
Result: ERROR
    Running examples in 'ebirdst-Ex.R' failed
    The error most likely occurred in:
    
    > ### Name: map_centroids
    > ### Title: Map PI centroid locations
    > ### Aliases: map_centroids
    >
    > ### ** Examples
    >
    > # download and load example data
    > sp_path <- ebirdst_download("example_data", tifs_only = FALSE)
    Error in open.connection(x, "rb") :
     Timeout was reached: [ebirdst-data.s3.amazonaws.com] Operation timed out after 10012 milliseconds with 0 out of 0 bytes received
    Calls: ebirdst_download ... read_xml.character -> read_xml.connection -> open -> open.connection
    Execution halted
Flavor: r-release-windows-ix86+x86_64

Version: 0.2.1
Check: tests
Result: ERROR
     Running 'testthat.R' [200s]
    Running the tests in 'tests/testthat.R' failed.
    Complete output:
     > library(testthat)
     > library(ebirdst)
     Please cite the eBird Status & Trends data using:
     Fink, D., T. Auer, A. Johnston, M. Strimas-Mackey, O. Robinson, S. Ligocki, B. Petersen,
     C. Wood, I. Davies, B. Sullivan, M. Iliff, & S. Kelling. 2020. eBird Status and Trends,
     Data Version: 2018; Released: 2020. Cornell Lab of Ornithology, Ithaca, New York.
     https://doi.org/10.2173/ebirdst.2018
     >
     > test_check("ebirdst")
     -- 1. Error: (unknown) (@test_loading.R#3) ------------------------------------
     Could not resolve host: ebirdst-data.s3.amazonaws.com
     Backtrace:
     1. ebirdst::ebirdst_download("example_data", tifs_only = FALSE)
     5. xml2:::read_xml.character(bucket_url_sp)
     6. xml2:::read_xml.connection(...)
     8. base::open.connection(x, "rb")
    
     -- 2. Error: (unknown) (@test_plotting.R#3) -----------------------------------
     Timeout was reached: [ebirdst-data.s3.amazonaws.com] Resolving timed out after 10000 milliseconds
     Backtrace:
     1. ebirdst::ebirdst_download("example_data", tifs_only = FALSE)
     5. xml2:::read_xml.character(bucket_url_sp)
     6. xml2:::read_xml.connection(...)
     8. base::open.connection(x, "rb")
    
     == testthat results ===========================================================
     [ OK: 18 | SKIPPED: 1 | WARNINGS: 0 | FAILED: 2 ]
     1. Error: (unknown) (@test_loading.R#3)
     2. Error: (unknown) (@test_plotting.R#3)
    
     Error: testthat unit tests failed
     In addition: Warning messages:
     1: In for (i in 2:(n - 1)) { :
     closing unused connection 4 (https://ebirdst-data.s3.amazonaws.com/?prefix=yebsap-ERD2018-EBIRD_SCIENCE-20191030-3abe59ca-example)
     2: In for (n in impnames) if (!is.null(genImp <- impenv[[n]])) { :
     closing unused connection 4 (https://ebirdst-data.s3.amazonaws.com/?prefix=yebsap-ERD2018-EBIRD_SCIENCE-20191030-3abe59ca-example)
     Execution halted
Flavor: r-release-windows-ix86+x86_64