CRAN Package Check Results for Package easyr

Last updated on 2020-07-06 21:50:15 CEST.

Flavor Version Tinstall Tcheck Ttotal Status Flags
r-devel-linux-x86_64-debian-clang 0.4-0 6.46 124.85 131.31 OK
r-devel-linux-x86_64-debian-gcc 0.4-0 4.91 91.67 96.58 OK
r-devel-linux-x86_64-fedora-clang 0.4-0 159.78 NOTE
r-devel-linux-x86_64-fedora-gcc 0.4-0 88.15 NOTE
r-devel-windows-ix86+x86_64 0.4-0 26.00 125.00 151.00 OK
r-patched-linux-x86_64 0.4-0 3.80 115.11 118.91 OK
r-patched-solaris-x86 0.4-0 226.00 NOTE
r-release-linux-x86_64 0.4-0 4.21 116.00 120.21 OK
r-release-osx-x86_64 0.4-0 NOTE
r-release-windows-ix86+x86_64 0.4-0 13.00 111.00 124.00 OK
r-oldrel-osx-x86_64 0.4-0 NOTE
r-oldrel-windows-ix86+x86_64 0.4-0 17.00 179.00 196.00 OK

Check Details

Version: 0.4-0
Check: dependencies in R code
Result: NOTE
    Namespace in Imports field not imported from: ‘rprojroot’
     All declared Imports should be used.
Flavors: r-devel-linux-x86_64-fedora-clang, r-devel-linux-x86_64-fedora-gcc, r-patched-solaris-x86, r-release-osx-x86_64, r-oldrel-osx-x86_64