CRAN Package Check Results for Package eaf

Last updated on 2020-02-28 22:53:31 CET.

Flavor Version Tinstall Tcheck Ttotal Status Flags
r-devel-linux-x86_64-debian-clang 1.8 6.94 27.73 34.67 ERROR
r-devel-linux-x86_64-debian-gcc 1.8 4.94 21.84 26.78 ERROR
r-devel-linux-x86_64-fedora-clang 1.8 58.72 OK
r-devel-linux-x86_64-fedora-gcc 1.8 53.68 OK
r-devel-windows-ix86+x86_64 1.8 27.00 82.00 109.00 OK
r-devel-windows-ix86+x86_64-gcc8 1.8 19.00 78.00 97.00 OK
r-patched-linux-x86_64 1.8 4.64 35.64 40.28 OK
r-patched-solaris-x86 1.8 78.00 OK
r-release-linux-x86_64 1.8 5.22 35.85 41.07 OK
r-release-windows-ix86+x86_64 1.8 17.00 110.00 127.00 OK
r-release-osx-x86_64 1.8 OK
r-oldrel-windows-ix86+x86_64 1.8 18.00 75.00 93.00 OK
r-oldrel-osx-x86_64 1.8 OK

Check Details

Version: 1.8
Check: examples
Result: ERROR
    Running examples in 'eaf-Ex.R' failed
    The error most likely occurred in:
    
    > base::assign(".ptime", proc.time(), pos = "CheckExEnv")
    > ### Name: eaf-package
    > ### Title: Plots of the Empirical Attainment Function
    > ### Aliases: eaf-package _PACKAGE eaf
    > ### Keywords: graphs package
    >
    > ### ** Examples
    >
    > data(gcp2x2)
    > tabucol<-subset(gcp2x2, alg!="TSinN1")
    > tabucol$alg<-tabucol$alg[drop=TRUE]
    > eafplot(time+best~run,data=tabucol,subset=tabucol$inst=="DSJC500.5")
    >
    > eafplot(time+best~run|inst,groups=alg,data=gcp2x2)
    Error in attsurfs[[k]] : subscript out of bounds
    Calls: eafplot ... eafplot.formula -> eafplot.default -> plot -> plot.default
    Execution halted
Flavors: r-devel-linux-x86_64-debian-clang, r-devel-linux-x86_64-debian-gcc

Version: 1.8
Check: tests
Result: ERROR
     Running 'eafplot.R' [1s/1s]
     Running 'lin-sph.R' [0s/1s]
     Running 'ran.100pts.3d.10.R' [0s/1s]
     Running 'testthat.R' [2s/2s]
    Running the tests in 'tests/eafplot.R' failed.
    Complete output:
     > library(eaf)
     > pdf(file = "eafplot.pdf", title = "eafplot.pdf", width = 6, height = 6)
     > data(gcp2x2)
     > tabucol <- subset(gcp2x2, alg != "TSinN1")
     > tabucol$alg <- tabucol$alg[drop = TRUE]
     > eafplot(time + best ~ run, data = tabucol, subset = tabucol$inst == "DSJC500.5")
     >
     > eafplot(time + best ~ run | inst, groups = alg, data = gcp2x2)
     Error in attsurfs[[k]] : subscript out of bounds
     Calls: eafplot ... eafplot.formula -> eafplot.default -> plot -> plot.default
     Execution halted
Flavor: r-devel-linux-x86_64-debian-clang

Version: 1.8
Check: tests
Result: ERROR
     Running ‘eafplot.R’ [1s/1s]
     Running ‘lin-sph.R’ [0s/1s]
     Running ‘ran.100pts.3d.10.R’ [0s/1s]
     Running ‘testthat.R’ [1s/2s]
    Running the tests in ‘tests/eafplot.R’ failed.
    Complete output:
     > library(eaf)
     > pdf(file = "eafplot.pdf", title = "eafplot.pdf", width = 6, height = 6)
     > data(gcp2x2)
     > tabucol <- subset(gcp2x2, alg != "TSinN1")
     > tabucol$alg <- tabucol$alg[drop = TRUE]
     > eafplot(time + best ~ run, data = tabucol, subset = tabucol$inst == "DSJC500.5")
     >
     > eafplot(time + best ~ run | inst, groups = alg, data = gcp2x2)
     Error in attsurfs[[k]] : subscript out of bounds
     Calls: eafplot ... eafplot.formula -> eafplot.default -> plot -> plot.default
     Execution halted
Flavor: r-devel-linux-x86_64-debian-gcc