CRAN Package Check Results for Package eSDM

Last updated on 2020-03-30 20:48:27 CEST.

Flavor Version Tinstall Tcheck Ttotal Status Flags
r-devel-linux-x86_64-debian-clang 0.3.2 8.14 242.45 250.59 OK
r-devel-linux-x86_64-debian-gcc 0.3.2 6.68 168.03 174.71 OK
r-devel-linux-x86_64-fedora-clang 0.3.2 298.80 NOTE
r-devel-linux-x86_64-fedora-gcc 0.3.2 231.00 NOTE
r-devel-windows-ix86+x86_64 0.3.2 20.00 259.00 279.00 OK
r-devel-windows-ix86+x86_64-gcc8 0.3.2 19.00 232.00 251.00 OK
r-patched-linux-x86_64 0.3.2 7.17 220.55 227.72 OK
r-patched-solaris-x86 0.3.2 421.90 NOTE
r-release-linux-x86_64 0.3.2 6.03 214.18 220.21 OK
r-release-windows-ix86+x86_64 0.3.2 36.00 346.00 382.00 OK
r-release-osx-x86_64 0.3.2 NOTE
r-oldrel-windows-ix86+x86_64 0.3.2 17.00 409.00 426.00 OK
r-oldrel-osx-x86_64 0.3.2 NOTE

Check Details

Version: 0.3.2
Check: package dependencies
Result: NOTE
    Imports includes 21 non-default packages.
    Importing from so many packages makes the package vulnerable to any of
    them becoming unavailable. Move as many as possible to Suggests and
    use conditionally.
Flavor: r-devel-linux-x86_64-fedora-clang

Version: 0.3.2
Check: dependencies in R code
Result: NOTE
    Namespaces in Imports field not imported from:
     ‘DT’ ‘RColorBrewer’ ‘colorRamps’ ‘colourpicker’ ‘dichromat’ ‘leaflet’
     ‘lwgeom’ ‘raster’ ‘shinycssloaders’ ‘shinydashboard’ ‘shinyjs’ ‘tmap’
     ‘viridis’ ‘zip’
     All declared Imports should be used.
Flavors: r-devel-linux-x86_64-fedora-clang, r-devel-linux-x86_64-fedora-gcc, r-patched-solaris-x86, r-release-osx-x86_64, r-oldrel-osx-x86_64