CRAN Package Check Results for Package dynsurv

Last updated on 2021-04-15 09:49:57 CEST.

Flavor Version Tinstall Tcheck Ttotal Status Flags
r-devel-linux-x86_64-debian-clang 0.4-2 41.61 92.73 134.34 OK
r-devel-linux-x86_64-debian-gcc 0.4-2 29.95 69.17 99.12 OK
r-devel-linux-x86_64-fedora-clang 0.4-2 186.40 NOTE
r-devel-linux-x86_64-fedora-gcc 0.4-2 160.28 OK
r-devel-windows-ix86+x86_64 0.4-2 84.00 163.00 247.00 OK
r-devel-windows-x86_64-gcc10-UCRT 0.4-2 OK
r-patched-linux-x86_64 0.4-2 37.03 84.41 121.44 OK
r-patched-solaris-x86 0.4-2 225.10 OK
r-release-linux-x86_64 0.4-2 38.55 84.64 123.19 OK
r-release-macos-x86_64 0.4-2 NOTE
r-release-windows-ix86+x86_64 0.4-2 88.00 167.00 255.00 OK
r-oldrel-macos-x86_64 0.4-2 NOTE
r-oldrel-windows-ix86+x86_64 0.4-2 61.00 110.00 171.00 OK

Check Details

Version: 0.4-2
Check: installed package size
Result: NOTE
     installed size is 6.4Mb
     sub-directories of 1Mb or more:
     libs 6.2Mb
Flavors: r-devel-linux-x86_64-fedora-clang, r-release-macos-x86_64, r-oldrel-macos-x86_64