CRAN Package Check Results for Package dynatopmodel

Last updated on 2020-07-06 21:50:15 CEST.

Flavor Version Tinstall Tcheck Ttotal Status Flags
r-devel-linux-x86_64-debian-clang 1.2.1 14.94 110.48 125.42 OK
r-devel-linux-x86_64-debian-gcc 1.2.1 15.19 84.91 100.10 OK
r-devel-linux-x86_64-fedora-clang 1.2.1 162.35 NOTE
r-devel-linux-x86_64-fedora-gcc 1.2.1 159.46 NOTE
r-devel-windows-ix86+x86_64 1.2.1 36.00 145.00 181.00 OK
r-patched-linux-x86_64 1.2.1 17.47 110.10 127.57 OK
r-patched-solaris-x86 1.2.1 222.70 NOTE
r-release-linux-x86_64 1.2.1 18.48 108.55 127.03 OK
r-release-osx-x86_64 1.2.1 NOTE
r-release-windows-ix86+x86_64 1.2.1 28.00 110.00 138.00 OK
r-oldrel-osx-x86_64 1.2.1 NOTE
r-oldrel-windows-ix86+x86_64 1.2.1 34.00 158.00 192.00 OK

Check Details

Version: 1.2.1
Check: dependencies in R code
Result: NOTE
    Namespaces in Imports field not imported from:
     ‘maptools’ ‘tools’
     All declared Imports should be used.
Flavors: r-devel-linux-x86_64-fedora-clang, r-devel-linux-x86_64-fedora-gcc, r-patched-solaris-x86, r-release-osx-x86_64, r-oldrel-osx-x86_64