CRAN Package Check Results for Package duawranglr

Last updated on 2021-06-14 08:49:35 CEST.

Flavor Version Tinstall Tcheck Ttotal Status Flags
r-devel-linux-x86_64-debian-clang 0.6.7 2.95 33.57 36.52 OK
r-devel-linux-x86_64-debian-gcc 0.6.7 2.01 25.45 27.46 OK
r-devel-linux-x86_64-fedora-clang 0.6.7 52.69 NOTE
r-devel-linux-x86_64-fedora-gcc 0.6.7 42.56 NOTE
r-devel-windows-x86_64 0.6.7 5.00 51.00 56.00 OK
r-devel-windows-x86_64-gcc10-UCRT 0.6.7 NOTE
r-patched-linux-x86_64 0.6.7 2.96 31.86 34.82 OK
r-patched-solaris-x86 0.6.7 63.50 NOTE
r-release-linux-x86_64 0.6.7 1.75 32.04 33.79 OK
r-release-macos-arm64 0.6.7 NOTE
r-release-macos-x86_64 0.6.7 NOTE
r-release-windows-ix86+x86_64 0.6.7 7.00 51.00 58.00 OK
r-oldrel-macos-x86_64 0.6.7 NOTE
r-oldrel-windows-ix86+x86_64 0.6.7 9.00 56.00 65.00 OK

Check Details

Version: 0.6.7
Check: dependencies in R code
Result: NOTE
    Namespaces in Imports field not imported from:
     ‘digest’ ‘dplyr’
     All declared Imports should be used.
Flavors: r-devel-linux-x86_64-fedora-clang, r-devel-linux-x86_64-fedora-gcc, r-devel-windows-x86_64-gcc10-UCRT, r-patched-solaris-x86, r-release-macos-arm64, r-release-macos-x86_64, r-oldrel-macos-x86_64