CRAN Package Check Results for Package dtwclust

Last updated on 2020-03-30 20:48:26 CEST.

Flavor Version Tinstall Tcheck Ttotal Status Flags
r-devel-linux-x86_64-debian-clang 5.5.6 170.23 372.43 542.66 NOTE
r-devel-linux-x86_64-debian-gcc 5.5.6 114.35 273.66 388.01 NOTE
r-devel-linux-x86_64-fedora-clang 5.5.6 679.74 NOTE
r-devel-linux-x86_64-fedora-gcc 5.5.6 647.17 NOTE
r-devel-windows-ix86+x86_64 5.5.6 302.00 446.00 748.00 NOTE
r-devel-windows-ix86+x86_64-gcc8 5.5.6 358.00 440.00 798.00 NOTE
r-patched-linux-x86_64 5.5.6 135.90 359.85 495.75 NOTE
r-patched-solaris-x86 5.5.6 1004.20 NOTE
r-release-linux-x86_64 5.5.6 136.52 346.14 482.66 NOTE
r-release-windows-ix86+x86_64 5.5.6 12.00 8.00 20.00 ERROR
r-release-osx-x86_64 5.5.6 NOTE
r-oldrel-windows-ix86+x86_64 5.5.6 476.00 599.00 1075.00 NOTE
r-oldrel-osx-x86_64 5.5.6 NOTE

Check Details

Version: 5.5.6
Check: for GNU extensions in Makefiles
Result: NOTE
    GNU make is a SystemRequirements.
Flavors: r-devel-linux-x86_64-debian-clang, r-devel-linux-x86_64-debian-gcc, r-devel-linux-x86_64-fedora-clang, r-devel-linux-x86_64-fedora-gcc, r-devel-windows-ix86+x86_64, r-devel-windows-ix86+x86_64-gcc8, r-patched-linux-x86_64, r-patched-solaris-x86, r-release-linux-x86_64, r-release-osx-x86_64, r-oldrel-windows-ix86+x86_64, r-oldrel-osx-x86_64

Version: 5.5.6
Check: installed package size
Result: NOTE
     installed size is 10.5Mb
     sub-directories of 1Mb or more:
     doc 2.6Mb
     libs 6.6Mb
Flavors: r-devel-linux-x86_64-fedora-clang, r-devel-windows-ix86+x86_64, r-devel-windows-ix86+x86_64-gcc8, r-release-osx-x86_64, r-oldrel-windows-ix86+x86_64, r-oldrel-osx-x86_64

Version: 5.5.6
Check: whether package can be installed
Result: ERROR
    Installation failed.
Flavor: r-release-windows-ix86+x86_64