CRAN Package Check Results for Package dtree

Last updated on 2021-04-15 09:49:57 CEST.

Flavor Version Tinstall Tcheck Ttotal Status Flags
r-devel-linux-x86_64-debian-clang 0.4.2 17.85 133.72 151.57 NOTE
r-devel-linux-x86_64-debian-gcc 0.4.2 12.56 99.59 112.15 NOTE
r-devel-linux-x86_64-fedora-clang 0.4.2 185.81 NOTE
r-devel-linux-x86_64-fedora-gcc 0.4.2 172.76 NOTE
r-devel-windows-ix86+x86_64 0.4.2 39.00 150.00 189.00 NOTE
r-devel-windows-x86_64-gcc10-UCRT 0.4.2 NOTE
r-patched-linux-x86_64 0.4.2 14.12 123.04 137.16 OK
r-patched-solaris-x86 0.4.2 253.70 OK
r-release-linux-x86_64 0.4.2 14.88 122.96 137.84 OK
r-release-macos-x86_64 0.4.2 OK
r-release-windows-ix86+x86_64 0.4.2 39.00 158.00 197.00 OK
r-oldrel-macos-x86_64 0.4.2 OK
r-oldrel-windows-ix86+x86_64 0.4.2 24.00 105.00 129.00 OK

Check Details

Version: 0.4.2
Check: LazyData
Result: NOTE
     'LazyData' is specified without a 'data' directory
Flavors: r-devel-linux-x86_64-debian-clang, r-devel-linux-x86_64-debian-gcc, r-devel-linux-x86_64-fedora-clang, r-devel-linux-x86_64-fedora-gcc, r-devel-windows-ix86+x86_64, r-devel-windows-x86_64-gcc10-UCRT