CRAN Package Check Results for Package dsample

Last updated on 2021-04-15 09:49:57 CEST.

Flavor Version Tinstall Tcheck Ttotal Status Flags
r-devel-linux-x86_64-debian-clang 0.91.2.2 1.95 21.26 23.21 NOTE
r-devel-linux-x86_64-debian-gcc 0.91.2.2 1.53 16.84 18.37 NOTE
r-devel-linux-x86_64-fedora-clang 0.91.2.2 37.80 NOTE
r-devel-linux-x86_64-fedora-gcc 0.91.2.2 27.85 NOTE
r-devel-windows-ix86+x86_64 0.91.2.2 4.00 37.00 41.00 NOTE
r-devel-windows-x86_64-gcc10-UCRT 0.91.2.2 NOTE
r-patched-linux-x86_64 0.91.2.2 1.87 20.63 22.50 NOTE
r-patched-solaris-x86 0.91.2.2 43.00 NOTE
r-release-linux-x86_64 0.91.2.2 1.88 20.72 22.60 NOTE
r-release-macos-x86_64 0.91.2.2 NOTE
r-release-windows-ix86+x86_64 0.91.2.2 3.00 39.00 42.00 NOTE
r-oldrel-macos-x86_64 0.91.2.2 NOTE
r-oldrel-windows-ix86+x86_64 0.91.2.2 4.00 26.00 30.00 NOTE

Check Details

Version: 0.91.2.2
Check: DESCRIPTION meta-information
Result: NOTE
    BugReports field is not a suitable URL but appears to contain an email address
     not specified by mailto: nor contained in < >
     use the Contact field instead
Flavors: r-devel-linux-x86_64-debian-clang, r-devel-linux-x86_64-debian-gcc, r-devel-linux-x86_64-fedora-clang, r-devel-linux-x86_64-fedora-gcc, r-devel-windows-ix86+x86_64, r-devel-windows-x86_64-gcc10-UCRT, r-patched-linux-x86_64, r-patched-solaris-x86, r-release-linux-x86_64, r-release-macos-x86_64, r-release-windows-ix86+x86_64, r-oldrel-windows-ix86+x86_64

Version: 0.91.2.2
Check: DESCRIPTION meta-information
Result: NOTE
    BugReports field is not a suitable URL but appears to contain an email address
     not specified by mailto: nor contained in < >
Flavor: r-oldrel-macos-x86_64