CRAN Package Check Results for Package dqrng

Last updated on 2021-04-15 09:49:57 CEST.

Flavor Version Tinstall Tcheck Ttotal Status Flags
r-devel-linux-x86_64-debian-clang 0.2.1 28.60 129.81 158.41 OK
r-devel-linux-x86_64-debian-gcc 0.2.1 18.02 98.37 116.39 OK
r-devel-linux-x86_64-fedora-clang 0.2.1 208.23 NOTE
r-devel-linux-x86_64-fedora-gcc 0.2.1 191.82 OK
r-devel-windows-ix86+x86_64 0.2.1 62.00 232.00 294.00 OK
r-devel-windows-x86_64-gcc10-UCRT 0.2.1 OK
r-patched-linux-x86_64 0.2.1 22.37 121.05 143.42 OK
r-patched-solaris-x86 0.2.1 150.30 OK
r-release-linux-x86_64 0.2.1 22.22 121.77 143.99 OK
r-release-macos-x86_64 0.2.1 OK
r-release-windows-ix86+x86_64 0.2.1 57.00 238.00 295.00 OK
r-oldrel-macos-x86_64 0.2.1 OK
r-oldrel-windows-ix86+x86_64 0.2.1 63.00 166.00 229.00 OK

Check Details

Version: 0.2.1
Check: Rd cross-references
Result: NOTE
    Undeclared package ‘sitmo’ in Rd xrefs
Flavor: r-devel-linux-x86_64-fedora-clang