CRAN Package Check Results for Package downscaledl

Last updated on 2020-05-29 17:49:03 CEST.

Flavor Version Tinstall Tcheck Ttotal Status Flags
r-devel-linux-x86_64-debian-clang 1.0 28.80 35.44 64.24 OK
r-devel-linux-x86_64-debian-gcc 1.0 22.25 28.28 50.53 OK
r-devel-linux-x86_64-fedora-clang 1.0 98.83 NOTE
r-devel-linux-x86_64-fedora-gcc 1.0 79.73 NOTE
r-devel-windows-ix86+x86_64 1.0 84.00 102.00 186.00 OK
r-patched-linux-x86_64 1.0 21.69 34.85 56.54 OK
r-patched-solaris-x86 1.0 93.80 NOTE
r-release-linux-x86_64 1.0 23.55 35.14 58.69 OK
r-release-osx-x86_64 1.0 NOTE
r-release-windows-ix86+x86_64 1.0 66.00 100.00 166.00 OK
r-oldrel-osx-x86_64 1.0 NOTE
r-oldrel-windows-ix86+x86_64 1.0 57.00 74.00 131.00 OK

Check Details

Version: 1.0
Check: dependencies in R code
Result: NOTE
    Namespaces in Imports field not imported from:
     ‘dplyr’ ‘parallel’ ‘rgdal’ ‘sp’ ‘tensorflow’
     All declared Imports should be used.
Flavors: r-devel-linux-x86_64-fedora-clang, r-devel-linux-x86_64-fedora-gcc, r-patched-solaris-x86, r-release-osx-x86_64, r-oldrel-osx-x86_64