CRAN Package Check Results for Package dotwhisker

Last updated on 2021-04-15 09:49:57 CEST.

Flavor Version Tinstall Tcheck Ttotal Status Flags
r-devel-linux-x86_64-debian-clang 0.6.0 11.93 156.25 168.18 NOTE
r-devel-linux-x86_64-debian-gcc 0.6.0 9.54 114.81 124.35 NOTE
r-devel-linux-x86_64-fedora-clang 0.6.0 205.95 NOTE
r-devel-linux-x86_64-fedora-gcc 0.6.0 194.25 NOTE
r-devel-windows-ix86+x86_64 0.6.0 29.00 183.00 212.00 NOTE
r-devel-windows-x86_64-gcc10-UCRT 0.6.0 NOTE
r-patched-linux-x86_64 0.6.0 11.35 146.71 158.06 OK
r-patched-solaris-x86 0.6.0 293.80 OK
r-release-linux-x86_64 0.6.0 11.91 148.11 160.02 OK
r-release-macos-x86_64 0.6.0 OK
r-release-windows-ix86+x86_64 0.6.0 31.00 187.00 218.00 OK
r-oldrel-macos-x86_64 0.6.0 OK
r-oldrel-windows-ix86+x86_64 0.6.0 20.00 137.00 157.00 OK

Check Details

Version: 0.6.0
Check: LazyData
Result: NOTE
     'LazyData' is specified without a 'data' directory
Flavors: r-devel-linux-x86_64-debian-clang, r-devel-linux-x86_64-debian-gcc, r-devel-linux-x86_64-fedora-clang, r-devel-linux-x86_64-fedora-gcc, r-devel-windows-ix86+x86_64, r-devel-windows-x86_64-gcc10-UCRT