CRAN Package Check Results for Package doSNOW

Last updated on 2020-02-27 17:50:53 CET.

Flavor Version Tinstall Tcheck Ttotal Status Flags
r-devel-linux-x86_64-debian-clang 1.0.18 2.11 21.64 23.75 NOTE
r-devel-linux-x86_64-debian-gcc 1.0.18 1.76 17.23 18.99 NOTE
r-devel-linux-x86_64-fedora-clang 1.0.18 30.61 OK
r-devel-linux-x86_64-fedora-gcc 1.0.18 28.37 OK
r-devel-windows-ix86+x86_64 1.0.18 5.00 36.00 41.00 OK
r-devel-windows-ix86+x86_64-gcc8 1.0.18 6.00 39.00 45.00 OK
r-patched-linux-x86_64 1.0.18 1.86 19.89 21.75 NOTE
r-patched-solaris-x86 1.0.18 44.40 OK
r-release-linux-x86_64 1.0.18 1.90 19.81 21.71 NOTE
r-release-windows-ix86+x86_64 1.0.18 4.00 34.00 38.00 OK
r-release-osx-x86_64 1.0.18 OK
r-oldrel-windows-ix86+x86_64 1.0.18 2.00 34.00 36.00 OK
r-oldrel-osx-x86_64 1.0.18 OK

Check Details

Version: 1.0.18
Check: R code for possible problems
Result: NOTE
    Found the following calls to attach():
    File 'doSNOW/R/doSNOW.R':
     attach(exportEnv)
    See section 'Good practice' in '?attach'.
Flavors: r-devel-linux-x86_64-debian-clang, r-devel-linux-x86_64-debian-gcc, r-patched-linux-x86_64, r-release-linux-x86_64