CRAN Package Check Results for Package doParallel

Last updated on 2020-02-24 20:47:16 CET.

Flavor Version Tinstall Tcheck Ttotal Status Flags
r-devel-linux-x86_64-debian-clang 1.0.15 2.43 120.37 122.80 NOTE
r-devel-linux-x86_64-debian-gcc 1.0.15 2.06 94.18 96.24 NOTE
r-devel-linux-x86_64-fedora-clang 1.0.15 145.52 OK
r-devel-linux-x86_64-fedora-gcc 1.0.15 138.89 OK
r-devel-windows-ix86+x86_64 1.0.15 6.00 130.00 136.00 OK
r-devel-windows-ix86+x86_64-gcc8 1.0.15 10.00 188.00 198.00 OK
r-patched-linux-x86_64 1.0.15 1.97 110.39 112.36 NOTE
r-patched-solaris-x86 1.0.15 285.30 OK
r-release-linux-x86_64 1.0.15 1.88 110.36 112.24 NOTE
r-release-windows-ix86+x86_64 1.0.15 4.00 119.00 123.00 OK
r-release-osx-x86_64 1.0.15 OK
r-oldrel-windows-ix86+x86_64 1.0.15 4.00 131.00 135.00 OK
r-oldrel-osx-x86_64 1.0.15 OK

Check Details

Version: 1.0.15
Check: R code for possible problems
Result: NOTE
    Found the following calls to attach():
    File 'doParallel/R/doParallel.R':
     attach(exportEnv)
    See section 'Good practice' in '?attach'.
Flavors: r-devel-linux-x86_64-debian-clang, r-devel-linux-x86_64-debian-gcc, r-patched-linux-x86_64, r-release-linux-x86_64