CRAN Package Check Results for Package doBy

Last updated on 2020-03-30 20:48:26 CEST.

Flavor Version Tinstall Tcheck Ttotal Status Flags
r-devel-linux-x86_64-debian-clang 4.6.5 13.03 121.33 134.36 OK
r-devel-linux-x86_64-debian-gcc 4.6.5 11.76 92.62 104.38 OK
r-devel-linux-x86_64-fedora-clang 4.6.5 160.89 OK
r-devel-linux-x86_64-fedora-gcc 4.6.5 156.87 OK
r-devel-windows-ix86+x86_64 4.6.5 20.00 133.00 153.00 OK
r-devel-windows-ix86+x86_64-gcc8 4.6.5 27.00 140.00 167.00 OK
r-patched-linux-x86_64 4.6.5 12.73 115.69 128.42 OK
r-patched-solaris-x86 4.6.5 235.10 OK
r-release-linux-x86_64 4.6.5 12.79 107.13 119.92 OK
r-release-windows-ix86+x86_64 4.6.5 35.00 199.00 234.00 OK
r-release-osx-x86_64 4.6.5 OK
r-oldrel-windows-ix86+x86_64 4.6-4.1 15.00 134.00 149.00 OK
r-oldrel-osx-x86_64 4.6.5 ERROR

Check Details

Version: 4.6.5
Check: package dependencies
Result: ERROR
    Package required and available but unsuitable version: ‘pbkrtest’
    
    See section ‘The DESCRIPTION file’ in the ‘Writing R Extensions’
    manual.
Flavor: r-oldrel-osx-x86_64