CRAN Package Check Results for Package dlib

Last updated on 2021-06-20 09:49:47 CEST.

Flavor Version Tinstall Tcheck Ttotal Status Flags
r-devel-linux-x86_64-debian-clang 1.0.3.1 13.97 30.12 44.09 OK
r-devel-linux-x86_64-debian-gcc 1.0.3.1 7.99 24.22 32.21 OK
r-devel-linux-x86_64-fedora-clang 1.0.3.1 60.10 NOTE
r-devel-linux-x86_64-fedora-gcc 1.0.3.1 46.22 OK
r-devel-windows-x86_64 1.0.3.1 21.00 40.00 61.00 NOTE
r-devel-windows-x86_64-gcc10-UCRT 1.0.3.1 NOTE
r-patched-linux-x86_64 1.0.3.1 10.21 29.63 39.84 OK
r-patched-solaris-x86 1.0.3.1 80.50 NOTE
r-release-linux-x86_64 1.0.3.1 10.61 29.79 40.40 OK
r-release-macos-arm64 1.0.3.1 NOTE
r-release-macos-x86_64 1.0.3.1 NOTE
r-release-windows-ix86+x86_64 1.0.3.1 32.00 66.00 98.00 NOTE
r-oldrel-macos-x86_64 1.0.3.1 NOTE
r-oldrel-windows-ix86+x86_64 1.0.3.1 24.00 64.00 88.00 NOTE

Check Details

Version: 1.0.3.1
Check: installed package size
Result: NOTE
     installed size is 16.6Mb
     sub-directories of 1Mb or more:
     include 16.3Mb
Flavors: r-devel-linux-x86_64-fedora-clang, r-devel-windows-x86_64, r-patched-solaris-x86, r-release-macos-arm64, r-release-macos-x86_64, r-release-windows-ix86+x86_64, r-oldrel-macos-x86_64, r-oldrel-windows-ix86+x86_64

Version: 1.0.3.1
Check: package dependencies
Result: NOTE
    Package suggested but not available for checking: 'magick'
Flavor: r-devel-windows-x86_64-gcc10-UCRT