CRAN Package Check Results for Package diveRsity

Last updated on 2020-04-09 14:51:17 CEST.

Flavor Version Tinstall Tcheck Ttotal Status Flags
r-devel-linux-x86_64-debian-clang 1.9.90 160.41 164.26 324.67 NOTE
r-devel-linux-x86_64-debian-gcc 1.9.90 101.90 130.38 232.28 NOTE
r-devel-linux-x86_64-fedora-clang 1.9.90 441.80 NOTE
r-devel-linux-x86_64-fedora-gcc 1.9.90 397.58 NOTE
r-devel-windows-ix86+x86_64 1.9.90 259.00 472.00 731.00 OK
r-devel-windows-ix86+x86_64-gcc8 1.9.90 304.00 206.00 510.00 OK
r-patched-linux-x86_64 1.9.90 120.87 161.00 281.87 NOTE
r-patched-osx-x86_64 1.9.90 NOTE
r-patched-solaris-x86 1.9.90 468.80 NOTE
r-release-linux-x86_64 1.9.90 111.04 145.95 256.99 NOTE
r-release-windows-ix86+x86_64 1.9.90 308.00 305.00 613.00 OK
r-release-osx-x86_64 1.9.90 OK
r-oldrel-windows-ix86+x86_64 1.9.90 319.00 285.00 604.00 OK
r-oldrel-osx-x86_64 1.9.90 OK

Check Details

Version: 1.9.90
Check: package dependencies
Result: NOTE
    Package suggested but not available for checking: 'HWxtest'
Flavors: r-devel-linux-x86_64-debian-clang, r-devel-linux-x86_64-debian-gcc, r-devel-linux-x86_64-fedora-clang, r-devel-linux-x86_64-fedora-gcc, r-patched-linux-x86_64, r-patched-solaris-x86, r-release-linux-x86_64

Version: 1.9.90
Check: installed package size
Result: NOTE
     installed size is 7.2Mb
     sub-directories of 1Mb or more:
     libs 5.7Mb
Flavor: r-devel-linux-x86_64-fedora-clang

Version: 1.9.90
Check: package dependencies
Result: NOTE
    Packages suggested but not available for checking: 'sendplot', 'HWxtest'
Flavor: r-patched-osx-x86_64