CRAN Package Check Results for Package distr6

Last updated on 2021-06-22 09:51:33 CEST.

Flavor Version Tinstall Tcheck Ttotal Status Flags
r-devel-linux-x86_64-debian-clang 1.5.2 146.69 333.27 479.96 OK
r-devel-linux-x86_64-debian-gcc 1.5.2 109.49 242.57 352.06 OK
r-devel-linux-x86_64-fedora-clang 1.5.2 597.20 NOTE
r-devel-linux-x86_64-fedora-gcc 1.5.2 587.10 OK
r-devel-windows-x86_64 1.5.2 195.00 366.00 561.00 NOTE
r-devel-windows-x86_64-gcc10-UCRT 1.5.2 ERROR
r-patched-linux-x86_64 1.5.2 134.43 316.58 451.01 OK
r-patched-solaris-x86 1.5.2 644.30 NOTE
r-release-linux-x86_64 1.5.2 122.12 311.36 433.48 OK
r-release-macos-arm64 1.5.2 NOTE
r-release-macos-x86_64 1.5.2 NOTE
r-release-windows-ix86+x86_64 1.5.2 258.00 665.00 923.00 NOTE
r-oldrel-macos-x86_64 1.5.2 NOTE

Check Details

Version: 1.5.2
Check: installed package size
Result: NOTE
     installed size is 7.5Mb
     sub-directories of 1Mb or more:
     R 3.8Mb
     help 1.3Mb
     libs 2.2Mb
Flavors: r-devel-linux-x86_64-fedora-clang, r-devel-windows-x86_64, r-patched-solaris-x86, r-release-macos-arm64, r-release-macos-x86_64, r-release-windows-ix86+x86_64, r-oldrel-macos-x86_64

Version: 1.5.2
Check: package dependencies
Result: NOTE
    Package suggested but not available for checking: 'plotly'
Flavor: r-devel-windows-x86_64-gcc10-UCRT

Version: 1.5.2
Check: tests
Result: ERROR
     Running 'testthat.R'
    Running the tests in 'tests/testthat.R' failed.
    Last 13 lines of output:
     2. | \-testthat:::quasi_capture(enquo(object), NULL, evaluate_promise)
     3. | +-testthat:::.capture(...)
     4. | | +-withr::with_output_sink(...)
     5. | | | \-base::force(code)
     6. | | +-base::withCallingHandlers(...)
     7. | | \-base::withVisible(code)
     8. | \-rlang::eval_bare(quo_get_expr(.quo), quo_get_env(.quo))
     9. +-base::plot(dist, fun = "pdf", npoints = 10)
     10. \-distr6:::plot.Distribution(dist, fun = "pdf", npoints = 10)
     11. \-distr6:::.plot_multivariate(x, fun, npoints)
     12. \-distr6:::assert_pkgload("plotly")
    
     [ FAIL 1 | WARN 0 | SKIP 0 | PASS 4202 ]
     Error: Test failures
     Execution halted
Flavor: r-devel-windows-x86_64-gcc10-UCRT