CRAN Package Check Results for Package diseasemapping

Last updated on 2021-04-15 09:49:56 CEST.

Flavor Version Tinstall Tcheck Ttotal Status Flags
r-devel-linux-x86_64-debian-clang 1.5.0 6.70 92.81 99.51 NOTE
r-devel-linux-x86_64-debian-gcc 1.5.0 4.51 70.52 75.03 NOTE
r-devel-linux-x86_64-fedora-clang 1.5.0 128.67 OK
r-devel-linux-x86_64-fedora-gcc 1.5.0 169.36 OK
r-devel-windows-ix86+x86_64 1.5.0 13.00 122.00 135.00 OK
r-devel-windows-x86_64-gcc10-UCRT 1.5.0 NOTE
r-patched-linux-x86_64 1.5.0 7.09 88.74 95.83 NOTE
r-patched-solaris-x86 1.5.0 175.90 NOTE
r-release-linux-x86_64 1.5.0 5.33 87.94 93.27 NOTE
r-release-macos-x86_64 1.5.0 NOTE
r-release-windows-ix86+x86_64 1.5.0 10.00 123.00 133.00 OK
r-oldrel-macos-x86_64 1.5.0 NOTE
r-oldrel-windows-ix86+x86_64 1.5.0 13.00 91.00 104.00 OK

Check Details

Version: 1.5.0
Check: package dependencies
Result: NOTE
    Package which this enhances but not available for checking: 'INLA'
Flavors: r-devel-linux-x86_64-debian-clang, r-devel-linux-x86_64-debian-gcc, r-devel-windows-x86_64-gcc10-UCRT, r-patched-linux-x86_64, r-patched-solaris-x86, r-release-linux-x86_64, r-release-macos-x86_64, r-oldrel-macos-x86_64