CRAN Package Check Results for Package discretecdAlgorithm

Last updated on 2021-06-22 09:51:33 CEST.

Flavor Version Tinstall Tcheck Ttotal Status Flags
r-devel-linux-x86_64-debian-clang 0.0.7 74.57 42.47 117.04 NOTE
r-devel-linux-x86_64-debian-gcc 0.0.7 46.64 32.92 79.56 NOTE
r-devel-linux-x86_64-fedora-clang 0.0.7 169.93 NOTE
r-devel-linux-x86_64-fedora-gcc 0.0.7 137.04 NOTE
r-devel-windows-x86_64 0.0.7 71.00 66.00 137.00 NOTE
r-devel-windows-x86_64-gcc10-UCRT 0.0.7 NOTE
r-patched-linux-x86_64 0.0.7 54.13 41.44 95.57 NOTE
r-patched-solaris-x86 0.0.7 138.60 NOTE
r-release-linux-x86_64 0.0.7 54.74 41.21 95.95 NOTE
r-release-macos-arm64 0.0.7 NOTE
r-release-macos-x86_64 0.0.7 NOTE
r-release-windows-ix86+x86_64 0.0.7 139.00 96.00 235.00 NOTE
r-oldrel-macos-x86_64 0.0.7 NOTE

Check Details

Version: 0.0.7
Check: LazyData
Result: NOTE
     'LazyData' is specified without a 'data' directory
Flavors: r-devel-linux-x86_64-debian-clang, r-devel-linux-x86_64-debian-gcc, r-devel-linux-x86_64-fedora-clang, r-devel-linux-x86_64-fedora-gcc, r-devel-windows-x86_64, r-devel-windows-x86_64-gcc10-UCRT, r-patched-linux-x86_64, r-patched-solaris-x86, r-release-linux-x86_64, r-release-macos-arm64, r-release-macos-x86_64, r-release-windows-ix86+x86_64

Version: 0.0.7
Check: installed package size
Result: NOTE
     installed size is 9.3Mb
     sub-directories of 1Mb or more:
     libs 9.1Mb
Flavors: r-devel-linux-x86_64-fedora-clang, r-release-macos-arm64, r-release-macos-x86_64, r-oldrel-macos-x86_64