CRAN Package Check Results for Package discord

Last updated on 2021-04-15 09:49:56 CEST.

Flavor Version Tinstall Tcheck Ttotal Status Flags
r-devel-linux-x86_64-debian-clang 1.0.0 2.79 40.21 43.00 OK
r-devel-linux-x86_64-debian-gcc 1.0.0 2.25 30.40 32.65 OK
r-devel-linux-x86_64-fedora-clang 1.0.0 60.89 NOTE
r-devel-linux-x86_64-fedora-gcc 1.0.0 51.17 NOTE
r-devel-windows-ix86+x86_64 1.0.0 7.00 55.00 62.00 OK
r-devel-windows-x86_64-gcc10-UCRT 1.0.0 NOTE
r-patched-linux-x86_64 1.0.0 2.48 39.77 42.25 OK
r-patched-solaris-x86 1.0.0 73.50 NOTE
r-release-linux-x86_64 1.0.0 2.90 39.92 42.82 OK
r-release-macos-x86_64 1.0.0 NOTE
r-release-windows-ix86+x86_64 1.0.0 24.00 57.00 81.00 OK
r-oldrel-macos-x86_64 1.0.0 NOTE
r-oldrel-windows-ix86+x86_64 1.0.0 4.00 42.00 46.00 OK

Check Details

Version: 1.0.0
Check: dependencies in R code
Result: NOTE
    Namespaces in Imports field not imported from:
     ‘janitor’ ‘rlang’
     All declared Imports should be used.
Flavors: r-devel-linux-x86_64-fedora-clang, r-devel-linux-x86_64-fedora-gcc, r-devel-windows-x86_64-gcc10-UCRT, r-patched-solaris-x86, r-release-macos-x86_64, r-oldrel-macos-x86_64