CRAN Package Check Results for Package dipsaus

Last updated on 2020-03-30 20:48:25 CEST.

Flavor Version Tinstall Tcheck Ttotal Status Flags
r-devel-linux-x86_64-debian-clang 0.0.5 59.51 63.36 122.87 OK
r-devel-linux-x86_64-debian-gcc 0.0.5 37.57 50.32 87.89 OK
r-devel-linux-x86_64-fedora-clang 0.0.5 161.76 OK
r-devel-linux-x86_64-fedora-gcc 0.0.5 150.10 OK
r-devel-windows-ix86+x86_64 0.0.5 104.00 109.00 213.00 OK
r-devel-windows-ix86+x86_64-gcc8 0.0.5 136.00 117.00 253.00 OK
r-patched-linux-x86_64 0.0.5 52.60 63.75 116.35 OK
r-patched-solaris-x86 0.0.5 173.90 NOTE
r-release-linux-x86_64 0.0.5 43.62 60.71 104.33 OK
r-release-windows-ix86+x86_64 0.0.5 170.00 145.00 315.00 OK
r-release-osx-x86_64 0.0.5 OK
r-oldrel-osx-x86_64 0.0.5 ERROR

Check Details

Version: 0.0.5
Check: package dependencies
Result: NOTE
    Package suggested but not available for checking: ‘RcppRedis’
Flavor: r-patched-solaris-x86

Version: 0.0.5
Check: whether package can be installed
Result: ERROR
    Installation failed.
Flavor: r-oldrel-osx-x86_64