CRAN Package Check Results for Package diceR

Last updated on 2021-06-22 09:51:33 CEST.

Flavor Version Tinstall Tcheck Ttotal Status Flags
r-devel-linux-x86_64-debian-clang 1.0.4 33.08 196.16 229.24 OK
r-devel-linux-x86_64-debian-gcc 1.0.4 20.28 143.31 163.59 OK
r-devel-linux-x86_64-fedora-clang 1.0.4 279.01 OK
r-devel-linux-x86_64-fedora-gcc 1.0.4 271.85 OK
r-devel-windows-x86_64 1.0.4 38.00 263.00 301.00 OK
r-devel-windows-x86_64-gcc10-UCRT 1.0.4 NOTE
r-patched-linux-x86_64 1.0.4 26.32 188.33 214.65 OK
r-patched-solaris-x86 1.0.4 439.20 OK
r-release-linux-x86_64 1.0.4 28.43 188.11 216.54 OK
r-release-macos-arm64 1.0.4 OK
r-release-macos-x86_64 1.0.4 OK
r-release-windows-ix86+x86_64 1.0.4 69.00 472.00 541.00 OK
r-oldrel-macos-x86_64 1.0.4 OK

Check Details

Version: 1.0.4
Check: package dependencies
Result: NOTE
    Package suggested but not available for checking: 'covr'
Flavor: r-devel-windows-x86_64-gcc10-UCRT