CRAN Package Check Results for Package dggridR

Last updated on 2020-02-27 17:50:53 CET.

Flavor Version Tinstall Tcheck Ttotal Status Flags
r-devel-linux-x86_64-debian-clang 2.0.3 186.88 127.39 314.27 OK
r-devel-linux-x86_64-debian-gcc 2.0.3 172.72 91.51 264.23 WARN
r-devel-linux-x86_64-fedora-clang 2.0.3 455.39 NOTE
r-devel-linux-x86_64-fedora-gcc 2.0.3 483.78 WARN
r-devel-windows-ix86+x86_64 2.0.3 443.00 197.00 640.00 NOTE
r-devel-windows-ix86+x86_64-gcc8 2.0.3 442.00 188.00 630.00 WARN
r-patched-linux-x86_64 2.0.3 198.30 111.72 310.02 WARN
r-patched-solaris-x86 2.0.3 433.50 OK
r-release-linux-x86_64 2.0.3 196.78 111.52 308.30 WARN
r-release-windows-ix86+x86_64 2.0.3 479.00 194.00 673.00 NOTE
r-release-osx-x86_64 2.0.3 NOTE
r-oldrel-windows-ix86+x86_64 2.0.3 426.00 180.00 606.00 NOTE
r-oldrel-osx-x86_64 2.0.3 NOTE

Check Details

Version: 2.0.3
Check: whether package can be installed
Result: WARN
    Found the following significant warnings:
     clipper.cpp:721:34: warning: ‘void* memset(void*, int, size_t)’ clearing an object of non-trivial type ‘struct ClipperLib::TEdge’; use assignment or value-initialization instead [-Wclass-memaccess]
     /usr/include/x86_64-linux-gnu/bits/string_fortified.h:106:10: warning: ‘__builtin_strncpy’ output may be truncated copying between 0 and 399 bytes from a string of length 399 [-Wstringop-truncation]
     /usr/include/x86_64-linux-gnu/bits/string_fortified.h:106:10: warning: ‘__builtin_strncpy’ output truncated before terminating nul copying as many bytes from a string as its length [-Wstringop-truncation]
     /usr/include/x86_64-linux-gnu/bits/string_fortified.h:106:10: warning: ‘__builtin_strncpy’ output may be truncated copying 11 bytes from a string of length 11 [-Wstringop-truncation]
     shpopen.c:1769:22: warning: ‘. Probably broken SHP file’ directive output may be truncated writing 26 bytes into a region of size between 25 and 48 [-Wformat-truncation=]
Flavor: r-devel-linux-x86_64-debian-gcc

Version: 2.0.3
Check: installed package size
Result: NOTE
     installed size is 23.8Mb
     sub-directories of 1Mb or more:
     doc 1.5Mb
     libs 21.9Mb
Flavors: r-devel-linux-x86_64-fedora-clang, r-devel-windows-ix86+x86_64, r-devel-windows-ix86+x86_64-gcc8, r-release-windows-ix86+x86_64, r-release-osx-x86_64, r-oldrel-windows-ix86+x86_64, r-oldrel-osx-x86_64

Version: 2.0.3
Check: whether package can be installed
Result: WARN
    Found the following significant warnings:
     clipper.cpp:721:34: warning: ‘void* memset(void*, int, size_t)’ clearing an object of non-trivial type ‘struct ClipperLib::TEdge’; use assignment or value-initialization instead [-Wclass-memaccess]
     /usr/include/bits/string_fortified.h:106:10: warning: ‘__builtin_strncpy’ output may be truncated copying between 0 and 399 bytes from a string of length 399 [-Wstringop-truncation]
     /usr/include/bits/string_fortified.h:106:10: warning: ‘__builtin_strncpy’ output truncated before terminating nul copying as many bytes from a string as its length [-Wstringop-truncation]
     /usr/include/bits/string_fortified.h:106:10: warning: ‘__builtin_strncpy’ output may be truncated copying 11 bytes from a string of length 11 [-Wstringop-truncation]
     shpopen.c:1769:22: warning: ‘. Probably broken SHP file’ directive output may be truncated writing 26 bytes into a region of size between 25 and 48 [-Wformat-truncation=]
Flavor: r-devel-linux-x86_64-fedora-gcc

Version: 2.0.3
Check: whether package can be installed
Result: WARN
    Found the following significant warnings:
     clipper.cpp:721:34: warning: 'void* memset(void*, int, size_t)' clearing an object of non-trivial type 'struct ClipperLib::TEdge'; use assignment or value-initialization instead [-Wclass-memaccess]
     dbfopen.c:1346:6: warning: 'strncpy' output may be truncated copying between 0 and 399 bytes from a string of length 399 [-Wstringop-truncation]
     dbfopen.c:1328:6: warning: 'strncpy' output may be truncated copying between 0 and 399 bytes from a string of length 399 [-Wstringop-truncation]
     dbfopen.c:879:9: warning: 'strncpy' output truncated before terminating nul copying as many bytes from a string as its length [-Wstringop-truncation]
     dbfopen.c:1693:9: warning: 'strncpy' output may be truncated copying 11 bytes from a string of length 11 [-Wstringop-truncation]
     dbfopen.c:2065:9: warning: 'strncpy' output truncated before terminating nul copying as many bytes from a string as its length [-Wstringop-truncation]
Flavors: r-devel-windows-ix86+x86_64-gcc8, r-patched-linux-x86_64, r-release-linux-x86_64